{"id":278,"date":"2024-02-02T15:15:00","date_gmt":"2024-02-02T21:15:00","guid":{"rendered":"https:\/\/dondevamos.xyz\/festival-picnic\/?page_id=278"},"modified":"2024-02-10T09:52:30","modified_gmt":"2024-02-10T15:52:30","slug":"wiz-khalifa","status":"publish","type":"page","link":"https:\/\/dondevamos.xyz\/festival-picnic\/conciertos\/wiz-khalifa\/","title":{"rendered":"Concierto de Wiz Khalifa en Costa Rica"},"content":{"rendered":"\n<p class=\"has-x-large-font-size\"><strong>Artistas del Picnic: Wiz Khalifa<\/strong><\/p>\n\n\n\n<figure class=\"wp-block-image aligncenter size-full is-resized\"><img decoding=\"async\" width=\"946\" height=\"947\" data-src=\"https:\/\/dondevamos.xyz\/festival-picnic\/wp-content\/uploads\/sites\/9\/2024\/01\/wiz-khalifa-costa-rica-01.jpg\" alt=\"wiz khalifa concierto costa rica\" class=\"wp-image-235 lazyload\" style=\"--smush-placeholder-width: 946px; --smush-placeholder-aspect-ratio: 946\/947;width:auto;height:450px\" data-srcset=\"https:\/\/dondevamos.xyz\/festival-picnic\/wp-content\/uploads\/sites\/9\/2024\/01\/wiz-khalifa-costa-rica-01.jpg 946w, https:\/\/dondevamos.xyz\/festival-picnic\/wp-content\/uploads\/sites\/9\/2024\/01\/wiz-khalifa-costa-rica-01-300x300.jpg 300w, https:\/\/dondevamos.xyz\/festival-picnic\/wp-content\/uploads\/sites\/9\/2024\/01\/wiz-khalifa-costa-rica-01-150x150.jpg 150w, https:\/\/dondevamos.xyz\/festival-picnic\/wp-content\/uploads\/sites\/9\/2024\/01\/wiz-khalifa-costa-rica-01-768x769.jpg 768w\" data-sizes=\"(max-width: 946px) 100vw, 946px\" src=\"data:image\/svg+xml;base64,PHN2ZyB3aWR0aD0iMSIgaGVpZ2h0PSIxIiB4bWxucz0iaHR0cDovL3d3dy53My5vcmcvMjAwMC9zdmciPjwvc3ZnPg==\" \/><figcaption class=\"wp-element-caption\">Foto: <a href=\"https:\/\/www.facebook.com\/wizkhalifa\/\" target=\"_blank\" rel=\"noopener\">Facebook Wiz Khalifa<\/a><\/figcaption><\/figure>\n\n\n\n<figure class=\"wp-block-table has-medium-font-size\"><table class=\"has-base-2-background-color has-background\"><tbody><tr><td><strong>Nombre verdadero<\/strong><\/td><td>Cameron Jibril Thomaz<\/td><\/tr><tr><td><strong>Nacionalidad<\/strong><\/td><td>Estadounidense<\/td><\/tr><tr><td><strong>Edad<\/strong><\/td><td>36<\/td><\/tr><tr><td><strong>G\u00e9neros Musicales<\/strong><\/td><td>Hip hop &#8211; Trap &#8211; Pop rap<\/td><\/tr><\/tbody><\/table><\/figure>\n\n\n\n<p>Wiz Khalifa, el rapero oriundo de Dakota del Norte, resuena con su distintivo estilo relajado y letras contagiosas. Apareci\u00f3 en el 2006 con el \u00e9xito \u00abShow and Prove\u00bb y se convirti\u00f3 en un artista internacional con su single \u00abBlack and Yellow\u00bb. Wiz Khalifa ha conquistado la escena del hip-hop y rap a nivel mundial. No te pierdas la oportunidad de sumergirte en la vibrante atm\u00f3sfera que solo Wiz Khalifa puede crear en vivo. <\/p>\n\n\n\n<p>Se estar\u00e1 presentando en el <a data-type=\"page\" data-id=\"18\" href=\"https:\/\/dondevamos.xyz\/festival-picnic\/\">festival Picnic 2024<\/a>, el 10 de febrero. Wiz Khalifa est\u00e1 en <strong>Stage Hideout, a las 12:00 Medianoche<\/strong>.<\/p>\n\n\n\n<h2 class=\"wp-block-heading\">Playlists de Wiz Khalifa<\/h2>\n\n\n\n<p>Tanto en Youtube como en Spotify, podemos encontrar playlists con las mejores canciones y conciertos de este artista.<\/p>\n\n\n\n<h2 class=\"wp-block-heading\">La Historia de Wiz Khalifa<\/h2>\n\n\n\n<p>Wiz Khalifa inici\u00f3 su carrera en 2006 con \u00abShow and Prove\u00bb y se destac\u00f3 con varios mixtapes en colaboraci\u00f3n con Rostrum Records. Su ascenso a la fama ocurri\u00f3 en 2009 durante el tour \u00abDeal no Deal\u00bb de Yelawolf. <\/p>\n\n\n\n<p>En 2010, el hit \u00abBlack and Yellow\u00bb lo catapult\u00f3 al \u00e9xito, alcanzando el puesto #1 en el Billboard Hot 100. Ese mismo a\u00f1o, decidi\u00f3 hacer un tour independiente: su tour \u00abWaken Baken\u00bb recorri\u00f3 50 ciudades de Estados Unidos.<\/p>\n\n\n\n<p>El lanzamiento de su primer \u00e1lbum, \u00abRolling Papers,\u00bb en 2011, marc\u00f3 un hito en la m\u00fasica hip hop y rap. Desde entonces, ha continuado produciendo \u00e1lbumes, especialmente mixtapes, y colaborando con diversos artistas. <\/p>\n\n\n\n<p>Su nombre viene de las palabras \u00abwisdom\u00bb y \u00abkhalifa,\u00bb. Cuando era joven, lo  llamaban \u00abyoung wiz\u00bb, y posteriormente decidi\u00f3 agregar \u00abKhalifa\u00bb (sucesor)  en honor a su abuelo de ascendencia \u00e1rabe.<\/p>\n\n\n\n<p>Estuvo casado con Amber Rose hasta el 2014, tienen un hijo juntos. <\/p>\n\n\n\n<p>Es cinta negra en Jiu Jitsu bajo la tutela de Rigan Machado, y entrena en Muay Thai. <\/p>\n\n\n\n<p>Wiz Khalifa ha sido defensor de la legalizaci\u00f3n de la marihuana, y ha lanzado su propia variedad, \u00abKhalifa Kush,\u00bb en colaboraci\u00f3n con RiverRock Cannabis.<\/p>\n\n\n\n<p>El rapero tambi\u00e9n es aficionado de los Pittsburgh Steelers, y en Pittsburg recibi\u00f3 el honor de tener su propio d\u00eda: el 12 de diciembre de 2012, declarado por el concejo de la ciudad. <\/p>\n\n\n\n<h2 class=\"wp-block-heading\">Producci\u00f3n musical<\/h2>\n\n\n\n<p>Los \u00e1lbumes m\u00e1s importantes de Wiz Khalifa son:<\/p>\n\n\n\n<ul class=\"wp-block-list\">\n<li>Show and Prove (2006)<\/li>\n\n\n\n<li>Deal or No Deal (2009)<\/li>\n\n\n\n<li>Rolling Papers (2011)<\/li>\n\n\n\n<li>Mac &amp; Devin Go to High School (con Snoop Dogg) (2011)<\/li>\n\n\n\n<li>O.N.I.F.C. (2012)<\/li>\n\n\n\n<li>Blacc Hollywood (2014)<\/li>\n\n\n\n<li>Rolling Papers 2 (2018)<\/li>\n\n\n\n<li>Multiverse (2022)<\/li>\n<\/ul>\n\n\n\n<ul class=\"wp-block-list\">\n<li><\/li>\n<\/ul>\n\n\n\n<figure class=\"wp-block-image aligncenter size-full is-resized\"><img decoding=\"async\" width=\"512\" height=\"512\" data-src=\"https:\/\/dondevamos.xyz\/festival-picnic\/wp-content\/uploads\/sites\/9\/2024\/01\/wiz-khalifa-costa-rica-05.jpg\" alt=\"wiz khalifa costa rica\" class=\"wp-image-234 lazyload\" style=\"--smush-placeholder-width: 512px; --smush-placeholder-aspect-ratio: 512\/512;width:350px\" data-srcset=\"https:\/\/dondevamos.xyz\/festival-picnic\/wp-content\/uploads\/sites\/9\/2024\/01\/wiz-khalifa-costa-rica-05.jpg 512w, https:\/\/dondevamos.xyz\/festival-picnic\/wp-content\/uploads\/sites\/9\/2024\/01\/wiz-khalifa-costa-rica-05-300x300.jpg 300w, https:\/\/dondevamos.xyz\/festival-picnic\/wp-content\/uploads\/sites\/9\/2024\/01\/wiz-khalifa-costa-rica-05-150x150.jpg 150w\" data-sizes=\"(max-width: 512px) 100vw, 512px\" src=\"data:image\/svg+xml;base64,PHN2ZyB3aWR0aD0iMSIgaGVpZ2h0PSIxIiB4bWxucz0iaHR0cDovL3d3dy53My5vcmcvMjAwMC9zdmciPjwvc3ZnPg==\" \/><figcaption class=\"wp-element-caption\">Foto: <a href=\"https:\/\/www.facebook.com\/wizkhalifa\/\" target=\"_blank\" rel=\"noopener\">Facebook Wiz Khalifa<\/a><\/figcaption><\/figure>\n\n\n\n<p>A lo largo de su carrera ha realizdo 11 tours, siendo el m\u00e1s reciente junto a Snoop Dogg en 2023. Ha aparecido en 5 pel\u00edculas y documentales, incluyendo un documental de 2017 sobre Demi Lovato.<\/p>\n\n\n\n<p>Adem\u00e1s, ha estado en programas de televisi\u00f3n como Punk&#8217;d, Eric Andre Show, American Dad y Big City Greens. <\/p>\n\n\n\n<h2 class=\"wp-block-heading\">Colaboraciones con otros artistas<\/h2>\n\n\n\n<p>Wiz Khalifa ha colaborado con una impresionante variedad de artistas a lo largo de su carrera. Algunas de sus colaboraciones destacadas han sido con Snoop Dogg en \u00abYoung, Wild &amp; Free,\u00bb y en el remix de \u00abWork Hard, Play Hard\u00bb con Lil Wayne. Tambi\u00e9n ha hecho colaboraciones con Travis Scott, Kanye West, Tyga, Rihanna, Taylor Swift, Maroon 5, The Weeknd, y Bruno Mars.<\/p>\n\n\n\n<ul class=\"wp-block-list\">\n<li><\/li>\n<\/ul>\n\n\n\n<h2 class=\"wp-block-heading\">Premios<\/h2>\n\n\n\n<p>Wiz Khalifa tiene un total de 25 premios y 100 nominaciones.<\/p>\n\n\n\n<ul class=\"wp-block-list\">\n<li><strong>Premios Billboard:<\/strong> Khalifa ha sido galardonado con 3 premios Billboard.<\/li>\n\n\n\n<li><strong>Nominaciones Grammy:<\/strong> Tiene 10 nominaciones a los Premios Grammy<\/li>\n\n\n\n<li><strong>Premios Teen Choice:<\/strong> 3 premios Teen Choice<\/li>\n<\/ul>\n\n\n\n<ul class=\"wp-block-list\">\n<li><\/li>\n<\/ul>\n\n\n\n<figure class=\"wp-block-image aligncenter size-full is-resized\"><img decoding=\"async\" width=\"600\" height=\"900\" data-src=\"https:\/\/dondevamos.xyz\/festival-picnic\/wp-content\/uploads\/sites\/9\/2024\/01\/wiz-khalifa-costa-rica-04.jpg\" alt=\"concierto wiz khalifa entradas\" class=\"wp-image-233 lazyload\" style=\"--smush-placeholder-width: 600px; --smush-placeholder-aspect-ratio: 600\/900;width:350px\" data-srcset=\"https:\/\/dondevamos.xyz\/festival-picnic\/wp-content\/uploads\/sites\/9\/2024\/01\/wiz-khalifa-costa-rica-04.jpg 600w, https:\/\/dondevamos.xyz\/festival-picnic\/wp-content\/uploads\/sites\/9\/2024\/01\/wiz-khalifa-costa-rica-04-200x300.jpg 200w\" data-sizes=\"(max-width: 600px) 100vw, 600px\" src=\"data:image\/svg+xml;base64,PHN2ZyB3aWR0aD0iMSIgaGVpZ2h0PSIxIiB4bWxucz0iaHR0cDovL3d3dy53My5vcmcvMjAwMC9zdmciPjwvc3ZnPg==\" \/><figcaption class=\"wp-element-caption\">Foto: <a href=\"https:\/\/www.facebook.com\/wizkhalifa\/\" target=\"_blank\" rel=\"noopener\">Facebook Wiz Khalifa<\/a><\/figcaption><\/figure>\n<!-- AddThis Advanced Settings generic via filter on the_content --><!-- AddThis Share Buttons generic via filter on the_content -->","protected":false},"excerpt":{"rendered":"<p>Artistas del Picnic: Wiz Khalifa Nombre verdadero Cameron Jibril Thomaz Nacionalidad Estadounidense Edad 36 G\u00e9neros Musicales Hip hop &#8211; Trap &#8211; Pop rap Wiz Khalifa, el rapero oriundo de Dakota del Norte, resuena con su distintivo estilo relajado y letras contagiosas. Apareci\u00f3 en el 2006 con el \u00e9xito \u00abShow and Prove\u00bb y se convirti\u00f3 en [&hellip;]<!-- AddThis Advanced Settings generic via filter on get_the_excerpt --><!-- AddThis Share Buttons generic via filter on get_the_excerpt --><\/p>\n","protected":false},"author":2,"featured_media":235,"parent":94,"menu_order":0,"comment_status":"closed","ping_status":"closed","template":"","meta":{"footnotes":""},"class_list":["post-278","page","type-page","status-publish","has-post-thumbnail","hentry"],"yoast_head":"<!-- This site is optimized with the Yoast SEO plugin v27.5 - https:\/\/yoast.com\/product\/yoast-seo-wordpress\/ -->\n<title>Concierto de Wiz Khalifa en Costa Rica - Festival Picnic 2024<\/title>\n<meta name=\"description\" content=\"Prep\u00e1rate para la explosi\u00f3n de ritmos poderosos y el inconfundible flow de Wiz Khalifa en el Festival Picnic 2024.\" \/>\n<meta name=\"robots\" content=\"index, follow, max-snippet:-1, max-image-preview:large, max-video-preview:-1\" \/>\n<link rel=\"canonical\" href=\"https:\/\/dondevamos.xyz\/festival-picnic\/conciertos\/wiz-khalifa\/\" \/>\n<meta property=\"og:locale\" content=\"es_ES\" \/>\n<meta property=\"og:type\" content=\"article\" \/>\n<meta property=\"og:title\" content=\"Concierto de Wiz Khalifa en Costa Rica - Festival Picnic 2024\" \/>\n<meta property=\"og:description\" content=\"Prep\u00e1rate para la explosi\u00f3n de ritmos poderosos y el inconfundible flow de Wiz Khalifa en el Festival Picnic 2024.\" \/>\n<meta property=\"og:url\" content=\"https:\/\/dondevamos.xyz\/festival-picnic\/conciertos\/wiz-khalifa\/\" \/>\n<meta property=\"og:site_name\" content=\"Festival Picnic 2024\" \/>\n<meta property=\"article:modified_time\" content=\"2024-02-10T15:52:30+00:00\" \/>\n<meta property=\"og:image\" content=\"https:\/\/dondevamos.xyz\/festival-picnic\/wp-content\/uploads\/sites\/9\/2024\/01\/wiz-khalifa-costa-rica-01.jpg\" \/>\n\t<meta property=\"og:image:width\" content=\"946\" \/>\n\t<meta property=\"og:image:height\" content=\"947\" \/>\n\t<meta property=\"og:image:type\" content=\"image\/jpeg\" \/>\n<meta name=\"twitter:card\" content=\"summary_large_image\" \/>\n<meta name=\"twitter:label1\" content=\"Tiempo de lectura\" \/>\n\t<meta name=\"twitter:data1\" content=\"4 minutos\" \/>\n<script type=\"application\/ld+json\" class=\"yoast-schema-graph\">{\"@context\":\"https:\\\/\\\/schema.org\",\"@graph\":[{\"@type\":\"WebPage\",\"@id\":\"https:\\\/\\\/dondevamos.xyz\\\/festival-picnic\\\/conciertos\\\/wiz-khalifa\\\/\",\"url\":\"https:\\\/\\\/dondevamos.xyz\\\/festival-picnic\\\/conciertos\\\/wiz-khalifa\\\/\",\"name\":\"Concierto de Wiz Khalifa en Costa Rica - Festival Picnic 2024\",\"isPartOf\":{\"@id\":\"https:\\\/\\\/dondevamos.xyz\\\/festival-picnic\\\/#website\"},\"primaryImageOfPage\":{\"@id\":\"https:\\\/\\\/dondevamos.xyz\\\/festival-picnic\\\/conciertos\\\/wiz-khalifa\\\/#primaryimage\"},\"image\":{\"@id\":\"https:\\\/\\\/dondevamos.xyz\\\/festival-picnic\\\/conciertos\\\/wiz-khalifa\\\/#primaryimage\"},\"thumbnailUrl\":\"https:\\\/\\\/dondevamos.xyz\\\/festival-picnic\\\/wp-content\\\/uploads\\\/sites\\\/9\\\/2024\\\/01\\\/wiz-khalifa-costa-rica-01.jpg\",\"datePublished\":\"2024-02-02T21:15:00+00:00\",\"dateModified\":\"2024-02-10T15:52:30+00:00\",\"description\":\"Prep\u00e1rate para la explosi\u00f3n de ritmos poderosos y el inconfundible flow de Wiz Khalifa en el Festival Picnic 2024.\",\"breadcrumb\":{\"@id\":\"https:\\\/\\\/dondevamos.xyz\\\/festival-picnic\\\/conciertos\\\/wiz-khalifa\\\/#breadcrumb\"},\"inLanguage\":\"es\",\"potentialAction\":[{\"@type\":\"ReadAction\",\"target\":[\"https:\\\/\\\/dondevamos.xyz\\\/festival-picnic\\\/conciertos\\\/wiz-khalifa\\\/\"]}]},{\"@type\":\"ImageObject\",\"inLanguage\":\"es\",\"@id\":\"https:\\\/\\\/dondevamos.xyz\\\/festival-picnic\\\/conciertos\\\/wiz-khalifa\\\/#primaryimage\",\"url\":\"https:\\\/\\\/dondevamos.xyz\\\/festival-picnic\\\/wp-content\\\/uploads\\\/sites\\\/9\\\/2024\\\/01\\\/wiz-khalifa-costa-rica-01.jpg\",\"contentUrl\":\"https:\\\/\\\/dondevamos.xyz\\\/festival-picnic\\\/wp-content\\\/uploads\\\/sites\\\/9\\\/2024\\\/01\\\/wiz-khalifa-costa-rica-01.jpg\",\"width\":946,\"height\":947,\"caption\":\"Foto: Facebook Wiz Khalifa\"},{\"@type\":\"BreadcrumbList\",\"@id\":\"https:\\\/\\\/dondevamos.xyz\\\/festival-picnic\\\/conciertos\\\/wiz-khalifa\\\/#breadcrumb\",\"itemListElement\":[{\"@type\":\"ListItem\",\"position\":1,\"name\":\"Portada\",\"item\":\"https:\\\/\\\/dondevamos.xyz\\\/festival-picnic\\\/\"},{\"@type\":\"ListItem\",\"position\":2,\"name\":\"Conciertos festival Picnic 2024\",\"item\":\"https:\\\/\\\/dondevamos.xyz\\\/festival-picnic\\\/conciertos\\\/\"},{\"@type\":\"ListItem\",\"position\":3,\"name\":\"Concierto de Wiz Khalifa en Costa Rica\"}]},{\"@type\":\"WebSite\",\"@id\":\"https:\\\/\\\/dondevamos.xyz\\\/festival-picnic\\\/#website\",\"url\":\"https:\\\/\\\/dondevamos.xyz\\\/festival-picnic\\\/\",\"name\":\"Festival Picnic 2024\",\"description\":\"Informaci\u00f3n del festival Picnic 2024\",\"publisher\":{\"@id\":\"https:\\\/\\\/dondevamos.xyz\\\/festival-picnic\\\/#organization\"},\"potentialAction\":[{\"@type\":\"SearchAction\",\"target\":{\"@type\":\"EntryPoint\",\"urlTemplate\":\"https:\\\/\\\/dondevamos.xyz\\\/festival-picnic\\\/?s={search_term_string}\"},\"query-input\":{\"@type\":\"PropertyValueSpecification\",\"valueRequired\":true,\"valueName\":\"search_term_string\"}}],\"inLanguage\":\"es\"},{\"@type\":\"Organization\",\"@id\":\"https:\\\/\\\/dondevamos.xyz\\\/festival-picnic\\\/#organization\",\"name\":\"Dondevamos XYZ\",\"alternateName\":\"Donde Vamos: Festival Picnic\",\"url\":\"https:\\\/\\\/dondevamos.xyz\\\/festival-picnic\\\/\",\"logo\":{\"@type\":\"ImageObject\",\"inLanguage\":\"es\",\"@id\":\"https:\\\/\\\/dondevamos.xyz\\\/festival-picnic\\\/#\\\/schema\\\/logo\\\/image\\\/\",\"url\":\"https:\\\/\\\/dondevamos.xyz\\\/festival-picnic\\\/wp-content\\\/uploads\\\/sites\\\/9\\\/2024\\\/01\\\/dondevamos.jpeg\",\"contentUrl\":\"https:\\\/\\\/dondevamos.xyz\\\/festival-picnic\\\/wp-content\\\/uploads\\\/sites\\\/9\\\/2024\\\/01\\\/dondevamos.jpeg\",\"width\":200,\"height\":200,\"caption\":\"Dondevamos XYZ\"},\"image\":{\"@id\":\"https:\\\/\\\/dondevamos.xyz\\\/festival-picnic\\\/#\\\/schema\\\/logo\\\/image\\\/\"}}]}<\/script>\n<!-- \/ Yoast SEO plugin. -->","yoast_head_json":{"title":"Concierto de Wiz Khalifa en Costa Rica - Festival Picnic 2024","description":"Prep\u00e1rate para la explosi\u00f3n de ritmos poderosos y el inconfundible flow de Wiz Khalifa en el Festival Picnic 2024.","robots":{"index":"index","follow":"follow","max-snippet":"max-snippet:-1","max-image-preview":"max-image-preview:large","max-video-preview":"max-video-preview:-1"},"canonical":"https:\/\/dondevamos.xyz\/festival-picnic\/conciertos\/wiz-khalifa\/","og_locale":"es_ES","og_type":"article","og_title":"Concierto de Wiz Khalifa en Costa Rica - Festival Picnic 2024","og_description":"Prep\u00e1rate para la explosi\u00f3n de ritmos poderosos y el inconfundible flow de Wiz Khalifa en el Festival Picnic 2024.","og_url":"https:\/\/dondevamos.xyz\/festival-picnic\/conciertos\/wiz-khalifa\/","og_site_name":"Festival Picnic 2024","article_modified_time":"2024-02-10T15:52:30+00:00","og_image":[{"width":946,"height":947,"url":"https:\/\/dondevamos.xyz\/festival-picnic\/wp-content\/uploads\/sites\/9\/2024\/01\/wiz-khalifa-costa-rica-01.jpg","type":"image\/jpeg"}],"twitter_card":"summary_large_image","twitter_misc":{"Tiempo de lectura":"4 minutos"},"schema":{"@context":"https:\/\/schema.org","@graph":[{"@type":"WebPage","@id":"https:\/\/dondevamos.xyz\/festival-picnic\/conciertos\/wiz-khalifa\/","url":"https:\/\/dondevamos.xyz\/festival-picnic\/conciertos\/wiz-khalifa\/","name":"Concierto de Wiz Khalifa en Costa Rica - Festival Picnic 2024","isPartOf":{"@id":"https:\/\/dondevamos.xyz\/festival-picnic\/#website"},"primaryImageOfPage":{"@id":"https:\/\/dondevamos.xyz\/festival-picnic\/conciertos\/wiz-khalifa\/#primaryimage"},"image":{"@id":"https:\/\/dondevamos.xyz\/festival-picnic\/conciertos\/wiz-khalifa\/#primaryimage"},"thumbnailUrl":"https:\/\/dondevamos.xyz\/festival-picnic\/wp-content\/uploads\/sites\/9\/2024\/01\/wiz-khalifa-costa-rica-01.jpg","datePublished":"2024-02-02T21:15:00+00:00","dateModified":"2024-02-10T15:52:30+00:00","description":"Prep\u00e1rate para la explosi\u00f3n de ritmos poderosos y el inconfundible flow de Wiz Khalifa en el Festival Picnic 2024.","breadcrumb":{"@id":"https:\/\/dondevamos.xyz\/festival-picnic\/conciertos\/wiz-khalifa\/#breadcrumb"},"inLanguage":"es","potentialAction":[{"@type":"ReadAction","target":["https:\/\/dondevamos.xyz\/festival-picnic\/conciertos\/wiz-khalifa\/"]}]},{"@type":"ImageObject","inLanguage":"es","@id":"https:\/\/dondevamos.xyz\/festival-picnic\/conciertos\/wiz-khalifa\/#primaryimage","url":"https:\/\/dondevamos.xyz\/festival-picnic\/wp-content\/uploads\/sites\/9\/2024\/01\/wiz-khalifa-costa-rica-01.jpg","contentUrl":"https:\/\/dondevamos.xyz\/festival-picnic\/wp-content\/uploads\/sites\/9\/2024\/01\/wiz-khalifa-costa-rica-01.jpg","width":946,"height":947,"caption":"Foto: Facebook Wiz Khalifa"},{"@type":"BreadcrumbList","@id":"https:\/\/dondevamos.xyz\/festival-picnic\/conciertos\/wiz-khalifa\/#breadcrumb","itemListElement":[{"@type":"ListItem","position":1,"name":"Portada","item":"https:\/\/dondevamos.xyz\/festival-picnic\/"},{"@type":"ListItem","position":2,"name":"Conciertos festival Picnic 2024","item":"https:\/\/dondevamos.xyz\/festival-picnic\/conciertos\/"},{"@type":"ListItem","position":3,"name":"Concierto de Wiz Khalifa en Costa Rica"}]},{"@type":"WebSite","@id":"https:\/\/dondevamos.xyz\/festival-picnic\/#website","url":"https:\/\/dondevamos.xyz\/festival-picnic\/","name":"Festival Picnic 2024","description":"Informaci\u00f3n del festival Picnic 2024","publisher":{"@id":"https:\/\/dondevamos.xyz\/festival-picnic\/#organization"},"potentialAction":[{"@type":"SearchAction","target":{"@type":"EntryPoint","urlTemplate":"https:\/\/dondevamos.xyz\/festival-picnic\/?s={search_term_string}"},"query-input":{"@type":"PropertyValueSpecification","valueRequired":true,"valueName":"search_term_string"}}],"inLanguage":"es"},{"@type":"Organization","@id":"https:\/\/dondevamos.xyz\/festival-picnic\/#organization","name":"Dondevamos XYZ","alternateName":"Donde Vamos: Festival Picnic","url":"https:\/\/dondevamos.xyz\/festival-picnic\/","logo":{"@type":"ImageObject","inLanguage":"es","@id":"https:\/\/dondevamos.xyz\/festival-picnic\/#\/schema\/logo\/image\/","url":"https:\/\/dondevamos.xyz\/festival-picnic\/wp-content\/uploads\/sites\/9\/2024\/01\/dondevamos.jpeg","contentUrl":"https:\/\/dondevamos.xyz\/festival-picnic\/wp-content\/uploads\/sites\/9\/2024\/01\/dondevamos.jpeg","width":200,"height":200,"caption":"Dondevamos XYZ"},"image":{"@id":"https:\/\/dondevamos.xyz\/festival-picnic\/#\/schema\/logo\/image\/"}}]}},"_links":{"self":[{"href":"https:\/\/dondevamos.xyz\/festival-picnic\/wp-json\/wp\/v2\/pages\/278","targetHints":{"allow":["GET"]}}],"collection":[{"href":"https:\/\/dondevamos.xyz\/festival-picnic\/wp-json\/wp\/v2\/pages"}],"about":[{"href":"https:\/\/dondevamos.xyz\/festival-picnic\/wp-json\/wp\/v2\/types\/page"}],"author":[{"embeddable":true,"href":"https:\/\/dondevamos.xyz\/festival-picnic\/wp-json\/wp\/v2\/users\/2"}],"replies":[{"embeddable":true,"href":"https:\/\/dondevamos.xyz\/festival-picnic\/wp-json\/wp\/v2\/comments?post=278"}],"version-history":[{"count":7,"href":"https:\/\/dondevamos.xyz\/festival-picnic\/wp-json\/wp\/v2\/pages\/278\/revisions"}],"predecessor-version":[{"id":360,"href":"https:\/\/dondevamos.xyz\/festival-picnic\/wp-json\/wp\/v2\/pages\/278\/revisions\/360"}],"up":[{"embeddable":true,"href":"https:\/\/dondevamos.xyz\/festival-picnic\/wp-json\/wp\/v2\/pages\/94"}],"wp:featuredmedia":[{"embeddable":true,"href":"https:\/\/dondevamos.xyz\/festival-picnic\/wp-json\/wp\/v2\/media\/235"}],"wp:attachment":[{"href":"https:\/\/dondevamos.xyz\/festival-picnic\/wp-json\/wp\/v2\/media?parent=278"}],"curies":[{"name":"wp","href":"https:\/\/api.w.org\/{rel}","templated":true}]}}