{"id":136,"date":"2019-12-08T17:27:48","date_gmt":"2019-12-08T23:27:48","guid":{"rendered":"https:\/\/dondevamos.xyz\/festival-de-la-luz\/?page_id=136"},"modified":"2019-12-08T17:32:27","modified_gmt":"2019-12-08T23:32:27","slug":"mariscal-2019","status":"publish","type":"page","link":"https:\/\/dondevamos.xyz\/festival-de-la-luz\/mariscal-2019\/","title":{"rendered":"Mariscal del Festival de la Luz 2019"},"content":{"rendered":"\n<p>Ya tenemos Mariscal, o mejor dicho <strong>Mariscales del Festival de la Luz 2019<\/strong>. Para este a\u00f1o, fueron elegidas las atletas Andrea y Noelia Vargas, y su madre Dixiana Mena como mariscales del Festival de la Luz.<\/p>\n\n\n\n<h2 class=\"wp-block-heading\">Qui\u00e9nes son Andrea y Noelia Vargas?<\/h2>\n\n\n\n<div class=\"wp-block-image\"><figure class=\"alignleft size-thumbnail\"><img decoding=\"async\" width=\"150\" height=\"150\" data-src=\"https:\/\/dondevamos.xyz\/festival-de-la-luz\/wp-content\/uploads\/sites\/4\/2019\/12\/andrea-vargas-150x150.jpg\" alt=\"andrea vargas costa rica mariscal\" class=\"wp-image-139 lazyload\" src=\"data:image\/svg+xml;base64,PHN2ZyB3aWR0aD0iMSIgaGVpZ2h0PSIxIiB4bWxucz0iaHR0cDovL3d3dy53My5vcmcvMjAwMC9zdmciPjwvc3ZnPg==\" style=\"--smush-placeholder-width: 150px; --smush-placeholder-aspect-ratio: 150\/150;\" \/><\/figure><\/div>\n\n\n\n<p>Andrea y Noelia Vargas son dos atletas costarricenses que se han destacado de sobremanera este a\u00f1o. Andrea Vargas practica atletismo, y en agosto de este a\u00f1o en los Juegos Panamericanos obtuvo el primer lugar en 100 metros con vallas, lo cual le da derecho a competir en las olimpiadas de Tokio 2020.<\/p>\n\n\n\n<div class=\"wp-block-image\"><figure class=\"alignleft size-thumbnail\"><img decoding=\"async\" width=\"150\" height=\"150\" data-src=\"https:\/\/dondevamos.xyz\/festival-de-la-luz\/wp-content\/uploads\/sites\/4\/2019\/12\/Noelia-Vargas-CR-150x150.jpg\" alt=\"noelia vargas costa rica mariscal\" class=\"wp-image-140 lazyload\" src=\"data:image\/svg+xml;base64,PHN2ZyB3aWR0aD0iMSIgaGVpZ2h0PSIxIiB4bWxucz0iaHR0cDovL3d3dy53My5vcmcvMjAwMC9zdmciPjwvc3ZnPg==\" style=\"--smush-placeholder-width: 150px; --smush-placeholder-aspect-ratio: 150\/150;\" \/><\/figure><\/div>\n\n\n\n<p>Noelia Vargas practica marcha, y en el Campeonato Centroamericano de Atletismo U-20 se llev\u00f3 tres medallas de oro, rompiendo r\u00e9cord, en 5000, 10000 y 3000 metros planos. Estar\u00e1 compitiendo en los pr\u00f3ximos Juegos Panamericanos Lima 2020.<\/p>\n\n\n\n<h2 class=\"wp-block-heading\">Qui\u00e9n es Dixiana Mena?<\/h2>\n\n\n\n<div class=\"wp-block-image\"><figure class=\"alignleft size-thumbnail\"><img decoding=\"async\" width=\"150\" height=\"150\" data-src=\"https:\/\/dondevamos.xyz\/festival-de-la-luz\/wp-content\/uploads\/sites\/4\/2019\/12\/WhatsApp-Image-2019-11-26-at-12.29.29-150x150.jpeg\" alt=\"dixiana mena costa rica mariscal\" class=\"wp-image-142 lazyload\" src=\"data:image\/svg+xml;base64,PHN2ZyB3aWR0aD0iMSIgaGVpZ2h0PSIxIiB4bWxucz0iaHR0cDovL3d3dy53My5vcmcvMjAwMC9zdmciPjwvc3ZnPg==\" style=\"--smush-placeholder-width: 150px; --smush-placeholder-aspect-ratio: 150\/150;\" \/><\/figure><\/div>\n\n\n\n<p>Dixiana Mena es la madre de Noelia y Andrea Vargas. Fue la que entren\u00f3 a ambas atletas para que lograran llegar a donde est\u00e1n hoy, y actualmente est\u00e1 nominada a mejor entrenadora Panam Sports. Empez\u00f3 a entrenarlas sin tener mayor conocimiento de atletismo, y poco a poco fue aprendiendo e investigando. Sin mayores recursos, con voluntad y esfuerzo propio, logr\u00f3 entrenar a dos de las mejores atletas que tiene el pa\u00eds.<\/p>\n\n\n\n<p>Incluso en alg\u00fan momento, le hab\u00edan recomendado dejar el proyecto de volverse entrenadora y que alguien m\u00e1s siguiera entrenando a sus hijas. Se neg\u00f3 a hacerlo y sigui\u00f3 adelante.<\/p>\n\n\n\n<p>Estas dos atletas y su entrenadora fueron elegidas mariscales del Festival de la Luz 2019 por destacar el nombre de Costa Rica a nivel mundial, y hacerlo con su propio esfuerzo y perseverancia. Sin patrocinios especiales, sin apoyo del gobierno, y trabajando con lo m\u00ednimo que pudieron conseguir, hoy est\u00e1n en el ojo del planeta entero en sus disciplinas correspondientes.<\/p>\n\n\n\n<p><\/p>\n\n\n\n<p><\/p>\n<!-- AddThis Advanced Settings generic via filter on the_content --><!-- AddThis Share Buttons generic via filter on the_content -->","protected":false},"excerpt":{"rendered":"<p>Ya tenemos Mariscal, o mejor dicho Mariscales del Festival de la Luz 2019. Para este a\u00f1o, fueron elegidas las atletas Andrea y Noelia Vargas, y su madre Dixiana Mena como mariscales del Festival de la Luz. Qui\u00e9nes son Andrea y Noelia Vargas? Andrea y Noelia Vargas son dos atletas costarricenses que se han destacado de\u2026 <span class=\"read-more\"><a href=\"https:\/\/dondevamos.xyz\/festival-de-la-luz\/mariscal-2019\/\">Leer m\u00e1s &raquo;<\/a><\/span><!-- AddThis Advanced Settings generic via filter on get_the_excerpt --><!-- AddThis Share Buttons generic via filter on get_the_excerpt --><\/p>\n","protected":false},"author":2,"featured_media":0,"parent":0,"menu_order":0,"comment_status":"closed","ping_status":"closed","template":"","meta":{"footnotes":""},"class_list":["post-136","page","type-page","status-publish","hentry"],"yoast_head":"<!-- This site is optimized with the Yoast SEO plugin v27.5 - https:\/\/yoast.com\/product\/yoast-seo-wordpress\/ -->\n<title>Mariscal del Festival de la Luz 2019 - Festival de la Luz San Jos\u00e9<\/title>\n<meta name=\"description\" content=\"Qui\u00e9n es el mariscal del Festival de la Luz 2019? Aver\u00edguelo aqu\u00ed!\" \/>\n<meta name=\"robots\" content=\"index, follow, max-snippet:-1, max-image-preview:large, max-video-preview:-1\" \/>\n<link rel=\"canonical\" href=\"https:\/\/dondevamos.xyz\/festival-de-la-luz\/mariscal-2019\/\" \/>\n<meta property=\"og:locale\" content=\"es_ES\" \/>\n<meta property=\"og:type\" content=\"article\" \/>\n<meta property=\"og:title\" content=\"Mariscal del Festival de la Luz 2019 - Festival de la Luz San Jos\u00e9\" \/>\n<meta property=\"og:description\" content=\"Qui\u00e9n es el mariscal del Festival de la Luz 2019? Aver\u00edguelo aqu\u00ed!\" \/>\n<meta property=\"og:url\" content=\"https:\/\/dondevamos.xyz\/festival-de-la-luz\/mariscal-2019\/\" \/>\n<meta property=\"og:site_name\" content=\"Festival de la Luz San Jos\u00e9\" \/>\n<meta property=\"article:publisher\" content=\"https:\/\/www.facebook.com\/palmaresfansclub\" \/>\n<meta property=\"article:modified_time\" content=\"2019-12-08T23:32:27+00:00\" \/>\n<meta property=\"og:image\" content=\"https:\/\/dondevamos.xyz\/festival-de-la-luz\/wp-content\/uploads\/sites\/4\/2019\/12\/andrea-vargas-150x150.jpg\" \/>\n<meta name=\"twitter:card\" content=\"summary_large_image\" \/>\n<meta name=\"twitter:site\" content=\"@palmaresfc\" \/>\n<meta name=\"twitter:label1\" content=\"Tiempo de lectura\" \/>\n\t<meta name=\"twitter:data1\" content=\"2 minutos\" \/>\n<script type=\"application\/ld+json\" class=\"yoast-schema-graph\">{\"@context\":\"https:\\\/\\\/schema.org\",\"@graph\":[{\"@type\":\"WebPage\",\"@id\":\"https:\\\/\\\/dondevamos.xyz\\\/festival-de-la-luz\\\/mariscal-2019\\\/\",\"url\":\"https:\\\/\\\/dondevamos.xyz\\\/festival-de-la-luz\\\/mariscal-2019\\\/\",\"name\":\"Mariscal del Festival de la Luz 2019 - Festival de la Luz San Jos\u00e9\",\"isPartOf\":{\"@id\":\"https:\\\/\\\/dondevamos.xyz\\\/festival-de-la-luz\\\/#website\"},\"primaryImageOfPage\":{\"@id\":\"https:\\\/\\\/dondevamos.xyz\\\/festival-de-la-luz\\\/mariscal-2019\\\/#primaryimage\"},\"image\":{\"@id\":\"https:\\\/\\\/dondevamos.xyz\\\/festival-de-la-luz\\\/mariscal-2019\\\/#primaryimage\"},\"thumbnailUrl\":\"https:\\\/\\\/dondevamos.xyz\\\/festival-de-la-luz\\\/wp-content\\\/uploads\\\/sites\\\/4\\\/2019\\\/12\\\/andrea-vargas-150x150.jpg\",\"datePublished\":\"2019-12-08T23:27:48+00:00\",\"dateModified\":\"2019-12-08T23:32:27+00:00\",\"description\":\"Qui\u00e9n es el mariscal del Festival de la Luz 2019? Aver\u00edguelo aqu\u00ed!\",\"inLanguage\":\"es\",\"potentialAction\":[{\"@type\":\"ReadAction\",\"target\":[\"https:\\\/\\\/dondevamos.xyz\\\/festival-de-la-luz\\\/mariscal-2019\\\/\"]}]},{\"@type\":\"ImageObject\",\"inLanguage\":\"es\",\"@id\":\"https:\\\/\\\/dondevamos.xyz\\\/festival-de-la-luz\\\/mariscal-2019\\\/#primaryimage\",\"url\":\"https:\\\/\\\/dondevamos.xyz\\\/festival-de-la-luz\\\/wp-content\\\/uploads\\\/sites\\\/4\\\/2019\\\/12\\\/andrea-vargas.jpg\",\"contentUrl\":\"https:\\\/\\\/dondevamos.xyz\\\/festival-de-la-luz\\\/wp-content\\\/uploads\\\/sites\\\/4\\\/2019\\\/12\\\/andrea-vargas.jpg\",\"width\":1280,\"height\":720},{\"@type\":\"WebSite\",\"@id\":\"https:\\\/\\\/dondevamos.xyz\\\/festival-de-la-luz\\\/#website\",\"url\":\"https:\\\/\\\/dondevamos.xyz\\\/festival-de-la-luz\\\/\",\"name\":\"Festival de la Luz San Jos\u00e9\",\"description\":\"Otro sitio m\u00e1s de Donde vamos?\",\"potentialAction\":[{\"@type\":\"SearchAction\",\"target\":{\"@type\":\"EntryPoint\",\"urlTemplate\":\"https:\\\/\\\/dondevamos.xyz\\\/festival-de-la-luz\\\/?s={search_term_string}\"},\"query-input\":{\"@type\":\"PropertyValueSpecification\",\"valueRequired\":true,\"valueName\":\"search_term_string\"}}],\"inLanguage\":\"es\"}]}<\/script>\n<!-- \/ Yoast SEO plugin. -->","yoast_head_json":{"title":"Mariscal del Festival de la Luz 2019 - Festival de la Luz San Jos\u00e9","description":"Qui\u00e9n es el mariscal del Festival de la Luz 2019? Aver\u00edguelo aqu\u00ed!","robots":{"index":"index","follow":"follow","max-snippet":"max-snippet:-1","max-image-preview":"max-image-preview:large","max-video-preview":"max-video-preview:-1"},"canonical":"https:\/\/dondevamos.xyz\/festival-de-la-luz\/mariscal-2019\/","og_locale":"es_ES","og_type":"article","og_title":"Mariscal del Festival de la Luz 2019 - Festival de la Luz San Jos\u00e9","og_description":"Qui\u00e9n es el mariscal del Festival de la Luz 2019? Aver\u00edguelo aqu\u00ed!","og_url":"https:\/\/dondevamos.xyz\/festival-de-la-luz\/mariscal-2019\/","og_site_name":"Festival de la Luz San Jos\u00e9","article_publisher":"https:\/\/www.facebook.com\/palmaresfansclub","article_modified_time":"2019-12-08T23:32:27+00:00","og_image":[{"url":"https:\/\/dondevamos.xyz\/festival-de-la-luz\/wp-content\/uploads\/sites\/4\/2019\/12\/andrea-vargas-150x150.jpg","type":"","width":"","height":""}],"twitter_card":"summary_large_image","twitter_site":"@palmaresfc","twitter_misc":{"Tiempo de lectura":"2 minutos"},"schema":{"@context":"https:\/\/schema.org","@graph":[{"@type":"WebPage","@id":"https:\/\/dondevamos.xyz\/festival-de-la-luz\/mariscal-2019\/","url":"https:\/\/dondevamos.xyz\/festival-de-la-luz\/mariscal-2019\/","name":"Mariscal del Festival de la Luz 2019 - Festival de la Luz San Jos\u00e9","isPartOf":{"@id":"https:\/\/dondevamos.xyz\/festival-de-la-luz\/#website"},"primaryImageOfPage":{"@id":"https:\/\/dondevamos.xyz\/festival-de-la-luz\/mariscal-2019\/#primaryimage"},"image":{"@id":"https:\/\/dondevamos.xyz\/festival-de-la-luz\/mariscal-2019\/#primaryimage"},"thumbnailUrl":"https:\/\/dondevamos.xyz\/festival-de-la-luz\/wp-content\/uploads\/sites\/4\/2019\/12\/andrea-vargas-150x150.jpg","datePublished":"2019-12-08T23:27:48+00:00","dateModified":"2019-12-08T23:32:27+00:00","description":"Qui\u00e9n es el mariscal del Festival de la Luz 2019? Aver\u00edguelo aqu\u00ed!","inLanguage":"es","potentialAction":[{"@type":"ReadAction","target":["https:\/\/dondevamos.xyz\/festival-de-la-luz\/mariscal-2019\/"]}]},{"@type":"ImageObject","inLanguage":"es","@id":"https:\/\/dondevamos.xyz\/festival-de-la-luz\/mariscal-2019\/#primaryimage","url":"https:\/\/dondevamos.xyz\/festival-de-la-luz\/wp-content\/uploads\/sites\/4\/2019\/12\/andrea-vargas.jpg","contentUrl":"https:\/\/dondevamos.xyz\/festival-de-la-luz\/wp-content\/uploads\/sites\/4\/2019\/12\/andrea-vargas.jpg","width":1280,"height":720},{"@type":"WebSite","@id":"https:\/\/dondevamos.xyz\/festival-de-la-luz\/#website","url":"https:\/\/dondevamos.xyz\/festival-de-la-luz\/","name":"Festival de la Luz San Jos\u00e9","description":"Otro sitio m\u00e1s de Donde vamos?","potentialAction":[{"@type":"SearchAction","target":{"@type":"EntryPoint","urlTemplate":"https:\/\/dondevamos.xyz\/festival-de-la-luz\/?s={search_term_string}"},"query-input":{"@type":"PropertyValueSpecification","valueRequired":true,"valueName":"search_term_string"}}],"inLanguage":"es"}]}},"_links":{"self":[{"href":"https:\/\/dondevamos.xyz\/festival-de-la-luz\/wp-json\/wp\/v2\/pages\/136","targetHints":{"allow":["GET"]}}],"collection":[{"href":"https:\/\/dondevamos.xyz\/festival-de-la-luz\/wp-json\/wp\/v2\/pages"}],"about":[{"href":"https:\/\/dondevamos.xyz\/festival-de-la-luz\/wp-json\/wp\/v2\/types\/page"}],"author":[{"embeddable":true,"href":"https:\/\/dondevamos.xyz\/festival-de-la-luz\/wp-json\/wp\/v2\/users\/2"}],"replies":[{"embeddable":true,"href":"https:\/\/dondevamos.xyz\/festival-de-la-luz\/wp-json\/wp\/v2\/comments?post=136"}],"version-history":[{"count":4,"href":"https:\/\/dondevamos.xyz\/festival-de-la-luz\/wp-json\/wp\/v2\/pages\/136\/revisions"}],"predecessor-version":[{"id":143,"href":"https:\/\/dondevamos.xyz\/festival-de-la-luz\/wp-json\/wp\/v2\/pages\/136\/revisions\/143"}],"wp:attachment":[{"href":"https:\/\/dondevamos.xyz\/festival-de-la-luz\/wp-json\/wp\/v2\/media?parent=136"}],"curies":[{"name":"wp","href":"https:\/\/api.w.org\/{rel}","templated":true}]}}

<p>Ya tenemos Mariscal, o mejor dicho <strong>Mariscales del Festival de la Luz 2019</strong>. Para este año, fueron elegidas las atletas Andrea y Noelia Vargas, y su madre Dixiana Mena como mariscales del Festival de la Luz.</p>



<h2 class="wp-block-heading">Quiénes son Andrea y Noelia Vargas?</h2>



<div class="wp-block-image"><figure class="alignleft size-thumbnail"><img decoding="async" width="150" height="150" data-src="https://dondevamos.xyz/festival-de-la-luz/wp-content/uploads/sites/4/2019/12/andrea-vargas-150x150.jpg" alt="andrea vargas costa rica mariscal" class="wp-image-139 lazyload" src="data:image/svg+xml;base64,PHN2ZyB3aWR0aD0iMSIgaGVpZ2h0PSIxIiB4bWxucz0iaHR0cDovL3d3dy53My5vcmcvMjAwMC9zdmciPjwvc3ZnPg==" style="--smush-placeholder-width: 150px; --smush-placeholder-aspect-ratio: 150/150;" /></figure></div>



<p>Andrea y Noelia Vargas son dos atletas costarricenses que se han destacado de sobremanera este año. Andrea Vargas practica atletismo, y en agosto de este año en los Juegos Panamericanos obtuvo el primer lugar en 100 metros con vallas, lo cual le da derecho a competir en las olimpiadas de Tokio 2020.</p>



<div class="wp-block-image"><figure class="alignleft size-thumbnail"><img decoding="async" width="150" height="150" data-src="https://dondevamos.xyz/festival-de-la-luz/wp-content/uploads/sites/4/2019/12/Noelia-Vargas-CR-150x150.jpg" alt="noelia vargas costa rica mariscal" class="wp-image-140 lazyload" src="data:image/svg+xml;base64,PHN2ZyB3aWR0aD0iMSIgaGVpZ2h0PSIxIiB4bWxucz0iaHR0cDovL3d3dy53My5vcmcvMjAwMC9zdmciPjwvc3ZnPg==" style="--smush-placeholder-width: 150px; --smush-placeholder-aspect-ratio: 150/150;" /></figure></div>



<p>Noelia Vargas practica marcha, y en el Campeonato Centroamericano de Atletismo U-20 se llevó tres medallas de oro, rompiendo récord, en 5000, 10000 y 3000 metros planos. Estará compitiendo en los próximos Juegos Panamericanos Lima 2020.</p>



<h2 class="wp-block-heading">Quién es Dixiana Mena?</h2>



<div class="wp-block-image"><figure class="alignleft size-thumbnail"><img decoding="async" width="150" height="150" data-src="https://dondevamos.xyz/festival-de-la-luz/wp-content/uploads/sites/4/2019/12/WhatsApp-Image-2019-11-26-at-12.29.29-150x150.jpeg" alt="dixiana mena costa rica mariscal" class="wp-image-142 lazyload" src="data:image/svg+xml;base64,PHN2ZyB3aWR0aD0iMSIgaGVpZ2h0PSIxIiB4bWxucz0iaHR0cDovL3d3dy53My5vcmcvMjAwMC9zdmciPjwvc3ZnPg==" style="--smush-placeholder-width: 150px; --smush-placeholder-aspect-ratio: 150/150;" /></figure></div>



<p>Dixiana Mena es la madre de Noelia y Andrea Vargas. Fue la que entrenó a ambas atletas para que lograran llegar a donde están hoy, y actualmente está nominada a mejor entrenadora Panam Sports. Empezó a entrenarlas sin tener mayor conocimiento de atletismo, y poco a poco fue aprendiendo e investigando. Sin mayores recursos, con voluntad y esfuerzo propio, logró entrenar a dos de las mejores atletas que tiene el país.</p>



<p>Incluso en algún momento, le habían recomendado dejar el proyecto de volverse entrenadora y que alguien más siguiera entrenando a sus hijas. Se negó a hacerlo y siguió adelante.</p>



<p>Estas dos atletas y su entrenadora fueron elegidas mariscales del Festival de la Luz 2019 por destacar el nombre de Costa Rica a nivel mundial, y hacerlo con su propio esfuerzo y perseverancia. Sin patrocinios especiales, sin apoyo del gobierno, y trabajando con lo mínimo que pudieron conseguir, hoy están en el ojo del planeta entero en sus disciplinas correspondientes.</p>



<p></p>



<p></p>
<!-- AddThis Advanced Settings generic via filter on the_content --><!-- AddThis Share Buttons generic via filter on the_content -->

<p>Ya tenemos Mariscal, o mejor dicho Mariscales del Festival de la Luz 2019. Para este año, fueron elegidas las atletas Andrea y Noelia Vargas, y su madre Dixiana Mena como mariscales del Festival de la Luz. Quiénes son Andrea y Noelia Vargas? Andrea y Noelia Vargas son dos atletas costarricenses que se han destacado de… <span class="read-more"><a href="https://dondevamos.xyz/festival-de-la-luz/mariscal-2019/">Leer más &raquo;</a></span><!-- AddThis Advanced Settings generic via filter on get_the_excerpt --><!-- AddThis Share Buttons generic via filter on get_the_excerpt --></p>

<!-- This site is optimized with the Yoast SEO plugin v27.5 - https://yoast.com/product/yoast-seo-wordpress/ -->
<title>Mariscal del Festival de la Luz 2019 - Festival de la Luz San José</title>
<meta name="description" content="Quién es el mariscal del Festival de la Luz 2019? Averíguelo aquí!" />
<meta name="robots" content="index, follow, max-snippet:-1, max-image-preview:large, max-video-preview:-1" />
<link rel="canonical" href="https://dondevamos.xyz/festival-de-la-luz/mariscal-2019/" />
<meta property="og:locale" content="es_ES" />
<meta property="og:type" content="article" />
<meta property="og:title" content="Mariscal del Festival de la Luz 2019 - Festival de la Luz San José" />
<meta property="og:description" content="Quién es el mariscal del Festival de la Luz 2019? Averíguelo aquí!" />
<meta property="og:url" content="https://dondevamos.xyz/festival-de-la-luz/mariscal-2019/" />
<meta property="og:site_name" content="Festival de la Luz San José" />
<meta property="article:publisher" content="https://www.facebook.com/palmaresfansclub" />
<meta property="article:modified_time" content="2019-12-08T23:32:27+00:00" />
<meta property="og:image" content="https://dondevamos.xyz/festival-de-la-luz/wp-content/uploads/sites/4/2019/12/andrea-vargas-150x150.jpg" />
<meta name="twitter:card" content="summary_large_image" />
<meta name="twitter:site" content="@palmaresfc" />
<meta name="twitter:label1" content="Tiempo de lectura" />
	<meta name="twitter:data1" content="2 minutos" />
<script type="application/ld+json" class="yoast-schema-graph">{"@context":"https:\/\/schema.org","@graph":[{"@type":"WebPage","@id":"https:\/\/dondevamos.xyz\/festival-de-la-luz\/mariscal-2019\/","url":"https:\/\/dondevamos.xyz\/festival-de-la-luz\/mariscal-2019\/","name":"Mariscal del Festival de la Luz 2019 - Festival de la Luz San José","isPartOf":{"@id":"https:\/\/dondevamos.xyz\/festival-de-la-luz\/#website"},"primaryImageOfPage":{"@id":"https:\/\/dondevamos.xyz\/festival-de-la-luz\/mariscal-2019\/#primaryimage"},"image":{"@id":"https:\/\/dondevamos.xyz\/festival-de-la-luz\/mariscal-2019\/#primaryimage"},"thumbnailUrl":"https:\/\/dondevamos.xyz\/festival-de-la-luz\/wp-content\/uploads\/sites\/4\/2019\/12\/andrea-vargas-150x150.jpg","datePublished":"2019-12-08T23:27:48+00:00","dateModified":"2019-12-08T23:32:27+00:00","description":"Quién es el mariscal del Festival de la Luz 2019? Averíguelo aquí!","inLanguage":"es","potentialAction":[{"@type":"ReadAction","target":["https:\/\/dondevamos.xyz\/festival-de-la-luz\/mariscal-2019\/"]}]},{"@type":"ImageObject","inLanguage":"es","@id":"https:\/\/dondevamos.xyz\/festival-de-la-luz\/mariscal-2019\/#primaryimage","url":"https:\/\/dondevamos.xyz\/festival-de-la-luz\/wp-content\/uploads\/sites\/4\/2019\/12\/andrea-vargas.jpg","contentUrl":"https:\/\/dondevamos.xyz\/festival-de-la-luz\/wp-content\/uploads\/sites\/4\/2019\/12\/andrea-vargas.jpg","width":1280,"height":720},{"@type":"WebSite","@id":"https:\/\/dondevamos.xyz\/festival-de-la-luz\/#website","url":"https:\/\/dondevamos.xyz\/festival-de-la-luz\/","name":"Festival de la Luz San José","description":"Otro sitio más de Donde vamos?","potentialAction":[{"@type":"SearchAction","target":{"@type":"EntryPoint","urlTemplate":"https:\/\/dondevamos.xyz\/festival-de-la-luz\/?s={search_term_string}"},"query-input":{"@type":"PropertyValueSpecification","valueRequired":true,"valueName":"search_term_string"}}],"inLanguage":"es"}]}</script>
<!-- / Yoast SEO plugin. -->

Mariscal del Festival de la Luz 2019 - Festival de la Luz San José

Quién es el mariscal del Festival de la Luz 2019? Averíguelo aquí!

Festival de la Luz San José

Otro sitio más de Donde vamos?
