{"id":249,"date":"2023-11-02T11:43:16","date_gmt":"2023-11-02T17:43:16","guid":{"rendered":"https:\/\/dondevamos.xyz\/concierto-roger-waters\/?page_id=249"},"modified":"2023-11-02T12:10:59","modified_gmt":"2023-11-02T18:10:59","slug":"this-is-not-a-drill-tour","status":"publish","type":"page","link":"https:\/\/dondevamos.xyz\/concierto-roger-waters\/this-is-not-a-drill-tour\/","title":{"rendered":"Tour This is Not a Drill de Roger Waters"},"content":{"rendered":"<div class=\"wp-block-image\">\n<figure class=\"alignleft size-medium\"><img decoding=\"async\" width=\"300\" height=\"200\" data-src=\"https:\/\/dondevamos.xyz\/concierto-roger-waters\/wp-content\/uploads\/sites\/6\/2023\/11\/roger-waters-drill-tour-300x200.jpg\" alt=\"roger waters this is not a drill\" class=\"wp-image-258 lazyload\" data-srcset=\"https:\/\/dondevamos.xyz\/concierto-roger-waters\/wp-content\/uploads\/sites\/6\/2023\/11\/roger-waters-drill-tour-300x200.jpg 300w, https:\/\/dondevamos.xyz\/concierto-roger-waters\/wp-content\/uploads\/sites\/6\/2023\/11\/roger-waters-drill-tour-1024x683.jpg 1024w, https:\/\/dondevamos.xyz\/concierto-roger-waters\/wp-content\/uploads\/sites\/6\/2023\/11\/roger-waters-drill-tour-768x512.jpg 768w, https:\/\/dondevamos.xyz\/concierto-roger-waters\/wp-content\/uploads\/sites\/6\/2023\/11\/roger-waters-drill-tour-1536x1025.jpg 1536w, https:\/\/dondevamos.xyz\/concierto-roger-waters\/wp-content\/uploads\/sites\/6\/2023\/11\/roger-waters-drill-tour-660x440.jpg 660w, https:\/\/dondevamos.xyz\/concierto-roger-waters\/wp-content\/uploads\/sites\/6\/2023\/11\/roger-waters-drill-tour.jpg 2048w\" data-sizes=\"(max-width: 300px) 100vw, 300px\" src=\"data:image\/svg+xml;base64,PHN2ZyB3aWR0aD0iMSIgaGVpZ2h0PSIxIiB4bWxucz0iaHR0cDovL3d3dy53My5vcmcvMjAwMC9zdmciPjwvc3ZnPg==\" style=\"--smush-placeholder-width: 300px; --smush-placeholder-aspect-ratio: 300\/200;\" \/><figcaption class=\"wp-element-caption\">Roger Waters, 2022<\/figcaption><\/figure>\n<\/div>\n\n\n<p>El <strong>tour This is Not a Drill de Roger Waters<\/strong> es el octavo tour que hace como solista despu\u00e9s de separarse de Pink Floyd en 1985. El tour This is Not a Drill  comenz\u00f3 el a\u00f1o pasado y terminar\u00e1 a finales de este a\u00f1o. Tiene 3 rutas qu\u00e9 van a recorrer Estados Unidos y Canad\u00e1, Europa, Centroam\u00e9rica y Sudam\u00e9rica.<\/p>\n\n\n\n<p>Al final de la ruta de Sudam\u00e9rica, en el mes de diciembre 2023, toca el concierto de Roger Waters en Costa Rica el 2 de diciembre del 2023, en el estadio Nacional de La Sabana.<\/p>\n\n\n\n<p>Despu\u00e9s del concierto de Costa Rica, Roger Waters pasar\u00e1 a dar conciertos en Bogot\u00e1 y Quito, donde finalizar\u00e1 el tour.<\/p>\n\n\n\n<h2 class=\"wp-block-heading\">Canciones de los conciertos de Roger Waters<\/h2>\n\n\n\n<p>El repertorio que trae Roger Waters para los conciertos del tour This is Not a Drill, incluye material de su carrera como solista (mucho de su album Is This the Life we Really Want?), y tambi\u00e9n material cl\u00e1sico de Pink Floyd, de los album The Wall y Dark Side of the Moon. <\/p>\n\n\n\n<p>Los conciertos en general han recibido muy buenos reviews por la cantidad de material de Pink Floyd que contienen.<\/p>\n\n\n\n<p>Para m\u00e1s informaci\u00f3n en esta p\u00e1gina puede revisar el setlist del concierto de Roger Waters.<\/p>\n\n\n\n<h2 class=\"wp-block-heading\">Ruta del Tour This is Not a Drill<\/h2>\n\n\n\n<p>La ruta que tiene el tour This is Not a Drill de Roger Waters es la siguiente:<\/p>\n\n\n\n<ul class=\"wp-block-list\">\n<li>Julio &#8211; Octubre 2022: Roger Waters en Estados Unidos, Canad\u00e1 y Mexico.<\/li>\n\n\n\n<li>Marzo &#8211; Junio 2023: Roger Waters en Europa<\/li>\n\n\n\n<li>Octubre &#8211; Diciembre 2023: Roger Waters en Suram\u00e9rica y Centroam\u00e9rica<\/li>\n\n\n\n<li>2 de diciembre 2023: Roger Waters en Costa Rica<\/li>\n<\/ul>\n\n\n\n<p>Los conciertos de Roger Waters en Sudam\u00e9rica son en Brasil, Uruguay, Argentina, Chile, Per\u00fa, Colombia y Ecuador. <\/p>\n\n\n<div class=\"wp-block-image\">\n<figure class=\"aligncenter\"><a href=\"https:\/\/dondevamos.xyz\/concierto-roger-waters\/wp-content\/uploads\/sites\/6\/2018\/04\/Roger-Waters-1500x1002.jpg\"><img decoding=\"async\" width=\"300\" height=\"200\" data-src=\"https:\/\/dondevamos.xyz\/concierto-roger-waters\/wp-content\/uploads\/sites\/6\/2018\/04\/Roger-Waters-1500x1002-300x200.jpg\" alt=\"concierto roger waters costa rica\" class=\"wp-image-119 lazyload\" data-srcset=\"https:\/\/dondevamos.xyz\/concierto-roger-waters\/wp-content\/uploads\/sites\/6\/2018\/04\/Roger-Waters-1500x1002-300x200.jpg 300w, https:\/\/dondevamos.xyz\/concierto-roger-waters\/wp-content\/uploads\/sites\/6\/2018\/04\/Roger-Waters-1500x1002-768x513.jpg 768w, https:\/\/dondevamos.xyz\/concierto-roger-waters\/wp-content\/uploads\/sites\/6\/2018\/04\/Roger-Waters-1500x1002-1024x684.jpg 1024w, https:\/\/dondevamos.xyz\/concierto-roger-waters\/wp-content\/uploads\/sites\/6\/2018\/04\/Roger-Waters-1500x1002.jpg 1500w\" data-sizes=\"(max-width: 300px) 100vw, 300px\" src=\"data:image\/svg+xml;base64,PHN2ZyB3aWR0aD0iMSIgaGVpZ2h0PSIxIiB4bWxucz0iaHR0cDovL3d3dy53My5vcmcvMjAwMC9zdmciPjwvc3ZnPg==\" style=\"--smush-placeholder-width: 300px; --smush-placeholder-aspect-ratio: 300\/200;\" \/><\/a><figcaption class=\"wp-element-caption\">Foto: <a href=\"http:\/\/www.notreble.com\/buzz\/2016\/10\/26\/roger-waters-announces-us-them-tour\/\" target=\"_blank\" rel=\"noopener\">No Treble<\/a><\/figcaption><\/figure>\n<\/div>\n\n\n<h2 class=\"wp-block-heading\">M\u00fasicos que participan del tour<\/h2>\n\n\n\n<p>De la banda original Pink Floyd, solamente Roger Waters va en el tour This is Not a Drill. Lo acompa\u00f1an los m\u00fasicos Jon Carin, Dave Kilminster, Jonathan Wilson, Gus Seyffert, Joey Waronker, Amanda Belair, Shanay Johnson, Robert Walter, y Seamus Blake. Muchos de ellos vinieron a Costa Rica con Roger Waters en el 2018.<\/p>\n\n\n\n<p>La mayor\u00eda son m\u00fasicos independientes algunos con proyectos menores de bandas poco conocidas. Jon Carin ha colaborado durante mucho tiempo con David Gilmour y Roger Waters durante sus carreras solistas, y en este tour va con guitarra y teclados. En este tour, no est\u00e1 Ian Ritchie, productor del \u00e1lbum de Roger Waters Radio KAOS, que tuvo que retirarse por motivos de salud.<\/p>\n\n\n\n<h2 class=\"wp-block-heading\">Efectos visuales de Roger Waters<\/h2>\n\n\n<div class=\"wp-block-image\">\n<figure class=\"alignleft\"><a href=\"https:\/\/dondevamos.xyz\/concierto-roger-waters\/wp-content\/uploads\/sites\/6\/2018\/04\/8747860_web1_waters_c.jpg\"><img decoding=\"async\" width=\"300\" height=\"200\" data-src=\"https:\/\/dondevamos.xyz\/concierto-roger-waters\/wp-content\/uploads\/sites\/6\/2018\/04\/8747860_web1_waters_c-300x200.jpg\" alt=\"pink floyd en costa rica\" class=\"wp-image-120 lazyload\" data-srcset=\"https:\/\/dondevamos.xyz\/concierto-roger-waters\/wp-content\/uploads\/sites\/6\/2018\/04\/8747860_web1_waters_c-300x200.jpg 300w, https:\/\/dondevamos.xyz\/concierto-roger-waters\/wp-content\/uploads\/sites\/6\/2018\/04\/8747860_web1_waters_c-768x512.jpg 768w, https:\/\/dondevamos.xyz\/concierto-roger-waters\/wp-content\/uploads\/sites\/6\/2018\/04\/8747860_web1_waters_c-1024x683.jpg 1024w, https:\/\/dondevamos.xyz\/concierto-roger-waters\/wp-content\/uploads\/sites\/6\/2018\/04\/8747860_web1_waters_c.jpg 1050w\" data-sizes=\"(max-width: 300px) 100vw, 300px\" src=\"data:image\/svg+xml;base64,PHN2ZyB3aWR0aD0iMSIgaGVpZ2h0PSIxIiB4bWxucz0iaHR0cDovL3d3dy53My5vcmcvMjAwMC9zdmciPjwvc3ZnPg==\" style=\"--smush-placeholder-width: 300px; --smush-placeholder-aspect-ratio: 300\/200;\" \/><\/a><figcaption class=\"wp-element-caption\">Foto: <a href=\"http:\/\/www.kateizor.com\/\" target=\"_blank\" rel=\"noopener\">Kate Izor<\/a><\/figcaption><\/figure>\n<\/div>\n\n\n<p>Uno de los puntos que m\u00e1s destacan de los conciertos de Pink Floyd, y que han heredado tanto David Gilmour como Roger Waters en sus tours, son los efectos visuales en el escenario. Los conciertos de Pink Floyd se han caracterizado hist\u00f3ricamente por tener efectos visuales muy complejos y proyecciones de gran tama\u00f1o durante el concierto.<\/p>\n\n\n\n<p>Roger Waters tambi\u00e9n trae un equipo visual impresionante en This is Not a Drill, qu\u00e9 incluye pantallas de gran tama\u00f1o y efectos de luces con caracter\u00edsticas impresionantes. En general del tour de Roger Waters ha recibido muy buenos reviews a nivel mundial, en las localidades en donde se ha presentado hasta el momento.<\/p>\n\n\n\n<h2 class=\"wp-block-heading\">Reviews del tour This is Not a Drill de Roger Waters<\/h2>\n\n\n\n<p>En general el tour This is Not a Drill de Roger Waters ha tenido muy buena recepci\u00f3n y muy buenas rese\u00f1as a nivel mundial hasta el momento. Se estima que este tour de Roger Waters ha recogido en taquilla m\u00e1s de 66 millones de d\u00f3lares solo en Estados Unidos.<\/p>\n\n\n\n<p>Las presentaciones hasta el momento han estado totalmente vendidas o con m\u00e1s del 90% de los asientos vendidos. <\/p>\n\n\n\n<p>En Costa Rica no hay noticias de que se vayan abrir fechas adicionales al 2 de diciembre para el concierto de Roger Waters, sin embargo habr\u00e1 que ver c\u00f3mo se comporta la venta de entradas y si se decide que la demanda es suficiente para habilitar m\u00e1s fechas.<\/p>\n\n\n\n<p>This is Not a Drill no escapa a la predilecci\u00f3n de Roger Waters por la pol\u00edtica y la cr\u00edtica social. El tour anterior, Us + Them, fue controversial debido al uso de la imagen de Donald Trump de forma denigrante. Waters ya anunci\u00f3 que This is Not a Drill no va a ser diferente: va a ser igual o m\u00e1s pol\u00edtico que Us+ Them. Hasta el momento, Waters ha tenido roces importantes con la MLB, qui\u00e9n le cancel\u00f3 el contrato de publicidad por los puntos de vista en torno a Palestina\/Israel. Tambi\u00e9n el tour ha tenido oposici\u00f3n en Polonia y Alemania. <\/p>\n\n\n<div class=\"wp-block-image\">\n<figure class=\"aligncenter\"><a href=\"https:\/\/dondevamos.xyz\/concierto-roger-waters\/wp-content\/uploads\/sites\/6\/2018\/04\/roger-waters-trump.jpg\"><img decoding=\"async\" width=\"300\" height=\"203\" data-src=\"https:\/\/dondevamos.xyz\/concierto-roger-waters\/wp-content\/uploads\/sites\/6\/2018\/04\/roger-waters-trump-300x203.jpg\" alt=\"roger waters donald trump\" class=\"wp-image-121 lazyload\" data-srcset=\"https:\/\/dondevamos.xyz\/concierto-roger-waters\/wp-content\/uploads\/sites\/6\/2018\/04\/roger-waters-trump-300x203.jpg 300w, https:\/\/dondevamos.xyz\/concierto-roger-waters\/wp-content\/uploads\/sites\/6\/2018\/04\/roger-waters-trump-768x519.jpg 768w, https:\/\/dondevamos.xyz\/concierto-roger-waters\/wp-content\/uploads\/sites\/6\/2018\/04\/roger-waters-trump-1024x692.jpg 1024w, https:\/\/dondevamos.xyz\/concierto-roger-waters\/wp-content\/uploads\/sites\/6\/2018\/04\/roger-waters-trump.jpg 1200w\" data-sizes=\"(max-width: 300px) 100vw, 300px\" src=\"data:image\/svg+xml;base64,PHN2ZyB3aWR0aD0iMSIgaGVpZ2h0PSIxIiB4bWxucz0iaHR0cDovL3d3dy53My5vcmcvMjAwMC9zdmciPjwvc3ZnPg==\" style=\"--smush-placeholder-width: 300px; --smush-placeholder-aspect-ratio: 300\/203;\" \/><\/a><\/figure>\n<\/div><!-- AddThis Advanced Settings generic via filter on the_content --><!-- AddThis Share Buttons generic via filter on the_content -->","protected":false},"excerpt":{"rendered":"<p>El tour This is Not a Drill de Roger Waters es el octavo tour que hace como solista despu\u00e9s de separarse de Pink Floyd en 1985. El tour This is Not a Drill comenz\u00f3 el a\u00f1o pasado y terminar\u00e1 a finales de este a\u00f1o. Tiene 3 rutas qu\u00e9 van a recorrer Estados Unidos y Canad\u00e1,\u2026 <span class=\"read-more\"><a href=\"https:\/\/dondevamos.xyz\/concierto-roger-waters\/this-is-not-a-drill-tour\/\">Leer m\u00e1s &raquo;<\/a><\/span><!-- AddThis Advanced Settings generic via filter on get_the_excerpt --><!-- AddThis Share Buttons generic via filter on get_the_excerpt --><\/p>\n","protected":false},"author":2,"featured_media":251,"parent":0,"menu_order":0,"comment_status":"closed","ping_status":"closed","template":"","meta":{"footnotes":""},"class_list":["post-249","page","type-page","status-publish","has-post-thumbnail","hentry"],"yoast_head":"<!-- This site is optimized with the Yoast SEO plugin v27.4 - https:\/\/yoast.com\/product\/yoast-seo-wordpress\/ -->\n<title>Tour This is Not a Drill de Roger Waters - Roger Waters en Costa Rica<\/title>\n<meta name=\"description\" content=\"Informaci\u00f3n acerca del Tour This is Not a Drill de Roger Waters, que lo traer\u00e1 para un concierto en Costa Rica el 2 de diciembre!\" \/>\n<meta name=\"robots\" content=\"index, follow, max-snippet:-1, max-image-preview:large, max-video-preview:-1\" \/>\n<link rel=\"canonical\" href=\"https:\/\/dondevamos.xyz\/concierto-roger-waters\/this-is-not-a-drill-tour\/\" \/>\n<meta property=\"og:locale\" content=\"es_ES\" \/>\n<meta property=\"og:type\" content=\"article\" \/>\n<meta property=\"og:title\" content=\"Tour This is Not a Drill de Roger Waters - Roger Waters en Costa Rica\" \/>\n<meta property=\"og:description\" content=\"Informaci\u00f3n acerca del Tour This is Not a Drill de Roger Waters, que lo traer\u00e1 para un concierto en Costa Rica el 2 de diciembre!\" \/>\n<meta property=\"og:url\" content=\"https:\/\/dondevamos.xyz\/concierto-roger-waters\/this-is-not-a-drill-tour\/\" \/>\n<meta property=\"og:site_name\" content=\"Roger Waters en Costa Rica\" \/>\n<meta property=\"article:modified_time\" content=\"2023-11-02T18:10:59+00:00\" \/>\n<meta property=\"og:image\" content=\"https:\/\/dondevamos.xyz\/concierto-roger-waters\/wp-content\/uploads\/sites\/6\/2023\/11\/waters-costa-rica-drill-tour.jpg\" \/>\n\t<meta property=\"og:image:width\" content=\"1920\" \/>\n\t<meta property=\"og:image:height\" content=\"1080\" \/>\n\t<meta property=\"og:image:type\" content=\"image\/jpeg\" \/>\n<meta name=\"twitter:card\" content=\"summary_large_image\" \/>\n<meta name=\"twitter:label1\" content=\"Tiempo de lectura\" \/>\n\t<meta name=\"twitter:data1\" content=\"5 minutos\" \/>\n<script type=\"application\/ld+json\" class=\"yoast-schema-graph\">{\"@context\":\"https:\\\/\\\/schema.org\",\"@graph\":[{\"@type\":\"WebPage\",\"@id\":\"https:\\\/\\\/dondevamos.xyz\\\/concierto-roger-waters\\\/this-is-not-a-drill-tour\\\/\",\"url\":\"https:\\\/\\\/dondevamos.xyz\\\/concierto-roger-waters\\\/this-is-not-a-drill-tour\\\/\",\"name\":\"Tour This is Not a Drill de Roger Waters - Roger Waters en Costa Rica\",\"isPartOf\":{\"@id\":\"https:\\\/\\\/dondevamos.xyz\\\/concierto-roger-waters\\\/#website\"},\"primaryImageOfPage\":{\"@id\":\"https:\\\/\\\/dondevamos.xyz\\\/concierto-roger-waters\\\/this-is-not-a-drill-tour\\\/#primaryimage\"},\"image\":{\"@id\":\"https:\\\/\\\/dondevamos.xyz\\\/concierto-roger-waters\\\/this-is-not-a-drill-tour\\\/#primaryimage\"},\"thumbnailUrl\":\"https:\\\/\\\/dondevamos.xyz\\\/concierto-roger-waters\\\/wp-content\\\/uploads\\\/sites\\\/6\\\/2023\\\/11\\\/waters-costa-rica-drill-tour.jpg\",\"datePublished\":\"2023-11-02T17:43:16+00:00\",\"dateModified\":\"2023-11-02T18:10:59+00:00\",\"description\":\"Informaci\u00f3n acerca del Tour This is Not a Drill de Roger Waters, que lo traer\u00e1 para un concierto en Costa Rica el 2 de diciembre!\",\"inLanguage\":\"es\",\"potentialAction\":[{\"@type\":\"ReadAction\",\"target\":[\"https:\\\/\\\/dondevamos.xyz\\\/concierto-roger-waters\\\/this-is-not-a-drill-tour\\\/\"]}]},{\"@type\":\"ImageObject\",\"inLanguage\":\"es\",\"@id\":\"https:\\\/\\\/dondevamos.xyz\\\/concierto-roger-waters\\\/this-is-not-a-drill-tour\\\/#primaryimage\",\"url\":\"https:\\\/\\\/dondevamos.xyz\\\/concierto-roger-waters\\\/wp-content\\\/uploads\\\/sites\\\/6\\\/2023\\\/11\\\/waters-costa-rica-drill-tour.jpg\",\"contentUrl\":\"https:\\\/\\\/dondevamos.xyz\\\/concierto-roger-waters\\\/wp-content\\\/uploads\\\/sites\\\/6\\\/2023\\\/11\\\/waters-costa-rica-drill-tour.jpg\",\"width\":1920,\"height\":1080,\"caption\":\"roger waters this is not a drill tour\"},{\"@type\":\"WebSite\",\"@id\":\"https:\\\/\\\/dondevamos.xyz\\\/concierto-roger-waters\\\/#website\",\"url\":\"https:\\\/\\\/dondevamos.xyz\\\/concierto-roger-waters\\\/\",\"name\":\"Roger Waters en Costa Rica\",\"description\":\"Concierto de Roger Waters en Costa Rica\",\"potentialAction\":[{\"@type\":\"SearchAction\",\"target\":{\"@type\":\"EntryPoint\",\"urlTemplate\":\"https:\\\/\\\/dondevamos.xyz\\\/concierto-roger-waters\\\/?s={search_term_string}\"},\"query-input\":{\"@type\":\"PropertyValueSpecification\",\"valueRequired\":true,\"valueName\":\"search_term_string\"}}],\"inLanguage\":\"es\"}]}<\/script>\n<!-- \/ Yoast SEO plugin. -->","yoast_head_json":{"title":"Tour This is Not a Drill de Roger Waters - Roger Waters en Costa Rica","description":"Informaci\u00f3n acerca del Tour This is Not a Drill de Roger Waters, que lo traer\u00e1 para un concierto en Costa Rica el 2 de diciembre!","robots":{"index":"index","follow":"follow","max-snippet":"max-snippet:-1","max-image-preview":"max-image-preview:large","max-video-preview":"max-video-preview:-1"},"canonical":"https:\/\/dondevamos.xyz\/concierto-roger-waters\/this-is-not-a-drill-tour\/","og_locale":"es_ES","og_type":"article","og_title":"Tour This is Not a Drill de Roger Waters - Roger Waters en Costa Rica","og_description":"Informaci\u00f3n acerca del Tour This is Not a Drill de Roger Waters, que lo traer\u00e1 para un concierto en Costa Rica el 2 de diciembre!","og_url":"https:\/\/dondevamos.xyz\/concierto-roger-waters\/this-is-not-a-drill-tour\/","og_site_name":"Roger Waters en Costa Rica","article_modified_time":"2023-11-02T18:10:59+00:00","og_image":[{"width":1920,"height":1080,"url":"https:\/\/dondevamos.xyz\/concierto-roger-waters\/wp-content\/uploads\/sites\/6\/2023\/11\/waters-costa-rica-drill-tour.jpg","type":"image\/jpeg"}],"twitter_card":"summary_large_image","twitter_misc":{"Tiempo de lectura":"5 minutos"},"schema":{"@context":"https:\/\/schema.org","@graph":[{"@type":"WebPage","@id":"https:\/\/dondevamos.xyz\/concierto-roger-waters\/this-is-not-a-drill-tour\/","url":"https:\/\/dondevamos.xyz\/concierto-roger-waters\/this-is-not-a-drill-tour\/","name":"Tour This is Not a Drill de Roger Waters - Roger Waters en Costa Rica","isPartOf":{"@id":"https:\/\/dondevamos.xyz\/concierto-roger-waters\/#website"},"primaryImageOfPage":{"@id":"https:\/\/dondevamos.xyz\/concierto-roger-waters\/this-is-not-a-drill-tour\/#primaryimage"},"image":{"@id":"https:\/\/dondevamos.xyz\/concierto-roger-waters\/this-is-not-a-drill-tour\/#primaryimage"},"thumbnailUrl":"https:\/\/dondevamos.xyz\/concierto-roger-waters\/wp-content\/uploads\/sites\/6\/2023\/11\/waters-costa-rica-drill-tour.jpg","datePublished":"2023-11-02T17:43:16+00:00","dateModified":"2023-11-02T18:10:59+00:00","description":"Informaci\u00f3n acerca del Tour This is Not a Drill de Roger Waters, que lo traer\u00e1 para un concierto en Costa Rica el 2 de diciembre!","inLanguage":"es","potentialAction":[{"@type":"ReadAction","target":["https:\/\/dondevamos.xyz\/concierto-roger-waters\/this-is-not-a-drill-tour\/"]}]},{"@type":"ImageObject","inLanguage":"es","@id":"https:\/\/dondevamos.xyz\/concierto-roger-waters\/this-is-not-a-drill-tour\/#primaryimage","url":"https:\/\/dondevamos.xyz\/concierto-roger-waters\/wp-content\/uploads\/sites\/6\/2023\/11\/waters-costa-rica-drill-tour.jpg","contentUrl":"https:\/\/dondevamos.xyz\/concierto-roger-waters\/wp-content\/uploads\/sites\/6\/2023\/11\/waters-costa-rica-drill-tour.jpg","width":1920,"height":1080,"caption":"roger waters this is not a drill tour"},{"@type":"WebSite","@id":"https:\/\/dondevamos.xyz\/concierto-roger-waters\/#website","url":"https:\/\/dondevamos.xyz\/concierto-roger-waters\/","name":"Roger Waters en Costa Rica","description":"Concierto de Roger Waters en Costa Rica","potentialAction":[{"@type":"SearchAction","target":{"@type":"EntryPoint","urlTemplate":"https:\/\/dondevamos.xyz\/concierto-roger-waters\/?s={search_term_string}"},"query-input":{"@type":"PropertyValueSpecification","valueRequired":true,"valueName":"search_term_string"}}],"inLanguage":"es"}]}},"_links":{"self":[{"href":"https:\/\/dondevamos.xyz\/concierto-roger-waters\/wp-json\/wp\/v2\/pages\/249","targetHints":{"allow":["GET"]}}],"collection":[{"href":"https:\/\/dondevamos.xyz\/concierto-roger-waters\/wp-json\/wp\/v2\/pages"}],"about":[{"href":"https:\/\/dondevamos.xyz\/concierto-roger-waters\/wp-json\/wp\/v2\/types\/page"}],"author":[{"embeddable":true,"href":"https:\/\/dondevamos.xyz\/concierto-roger-waters\/wp-json\/wp\/v2\/users\/2"}],"replies":[{"embeddable":true,"href":"https:\/\/dondevamos.xyz\/concierto-roger-waters\/wp-json\/wp\/v2\/comments?post=249"}],"version-history":[{"count":2,"href":"https:\/\/dondevamos.xyz\/concierto-roger-waters\/wp-json\/wp\/v2\/pages\/249\/revisions"}],"predecessor-version":[{"id":259,"href":"https:\/\/dondevamos.xyz\/concierto-roger-waters\/wp-json\/wp\/v2\/pages\/249\/revisions\/259"}],"wp:featuredmedia":[{"embeddable":true,"href":"https:\/\/dondevamos.xyz\/concierto-roger-waters\/wp-json\/wp\/v2\/media\/251"}],"wp:attachment":[{"href":"https:\/\/dondevamos.xyz\/concierto-roger-waters\/wp-json\/wp\/v2\/media?parent=249"}],"curies":[{"name":"wp","href":"https:\/\/api.w.org\/{rel}","templated":true}]}}