{"id":23,"date":"2024-01-20T20:15:04","date_gmt":"2024-01-20T19:15:04","guid":{"rendered":"https:\/\/dondevamos.xyz\/concierto-luis-miguel\/?page_id=23"},"modified":"2024-01-20T20:16:01","modified_gmt":"2024-01-20T19:16:01","slug":"quien-es-luis-miguel","status":"publish","type":"page","link":"https:\/\/dondevamos.xyz\/concierto-luis-miguel\/quien-es-luis-miguel\/","title":{"rendered":"Qui\u00e9n es Luis Miguel?"},"content":{"rendered":"<div class=\"wp-block-image\">\n<figure class=\"alignleft size-medium\"><img decoding=\"async\" width=\"231\" height=\"300\" data-src=\"https:\/\/dondevamos.xyz\/concierto-luis-miguel\/wp-content\/uploads\/sites\/7\/2024\/01\/Luis_Miguel-231x300.jpg\" alt=\"luis miguel en concierto\" class=\"wp-image-65 lazyload\" data-srcset=\"https:\/\/dondevamos.xyz\/concierto-luis-miguel\/wp-content\/uploads\/sites\/7\/2024\/01\/Luis_Miguel-231x300.jpg 231w, https:\/\/dondevamos.xyz\/concierto-luis-miguel\/wp-content\/uploads\/sites\/7\/2024\/01\/Luis_Miguel-790x1024.jpg 790w, https:\/\/dondevamos.xyz\/concierto-luis-miguel\/wp-content\/uploads\/sites\/7\/2024\/01\/Luis_Miguel-768x995.jpg 768w, https:\/\/dondevamos.xyz\/concierto-luis-miguel\/wp-content\/uploads\/sites\/7\/2024\/01\/Luis_Miguel-660x855.jpg 660w, https:\/\/dondevamos.xyz\/concierto-luis-miguel\/wp-content\/uploads\/sites\/7\/2024\/01\/Luis_Miguel.jpg 1024w\" data-sizes=\"(max-width: 231px) 100vw, 231px\" src=\"data:image\/svg+xml;base64,PHN2ZyB3aWR0aD0iMSIgaGVpZ2h0PSIxIiB4bWxucz0iaHR0cDovL3d3dy53My5vcmcvMjAwMC9zdmciPjwvc3ZnPg==\" style=\"--smush-placeholder-width: 231px; --smush-placeholder-aspect-ratio: 231\/300;\" \/><figcaption class=\"wp-element-caption\">Foto: <a href=\"https:\/\/www.flickr.com\/people\/julioenriquez\/\">Julio Enriquez<\/a><\/figcaption><\/figure>\n<\/div>\n\n\n<p>Luis Miguel, conocido tambi\u00e9n como \u00abEl Sol de M\u00e9xico\u00bb, es un cantante que ha iluminado la escena musical con su talento innato y carisma inigualable. A trav\u00e9s de varias d\u00e9cadas se ha convertido en una leyenda viva de la m\u00fasica latina. Y pr\u00f3ximamente en Costa Rica habr\u00e1 concierto con Luis Miguel, el cual dar\u00e1 a much\u00edsimas personas la oportunidad de verlo en vivo y a todo color.<\/p>\n\n\n\n<p>La historia de Luis Miguel es una fascinante odisea llena de \u00e9xitos, desaf\u00edos y resiliencia. Su nombre completo es Luis Miguel Gallego Basteri, y naci\u00f3 el 19 de abril de 1970 en San Juan, Puerto Rico. Proven\u00eda de una familia de artistas. Su padre, Luisito Rey, era cantante, y su madre, Marcela Basteri, ten\u00eda ra\u00edces italianas y espa\u00f1olas.<\/p>\n\n\n\n<p>Comenz\u00f3 su carrera art\u00edstica a los 11 a\u00f1os, cuando lanz\u00f3 su primer \u00e1lbum titulado \u00ab1+1=2 enamorados\u00bb. Este \u00e1lbum fue un testimonio de su incre\u00edble voz y marc\u00f3 el inicio de una carrera que lo llevar\u00eda a convertirse en un fen\u00f3meno musical. Su capacidad para interpretar baladas rom\u00e1nticas lo convirti\u00f3 en el \u00eddolo de toda una generaci\u00f3n.<\/p>\n\n\n<div class=\"wp-block-image\">\n<figure class=\"aligncenter size-medium\"><img decoding=\"async\" width=\"300\" height=\"300\" data-src=\"https:\/\/dondevamos.xyz\/concierto-luis-miguel\/wp-content\/uploads\/sites\/7\/2024\/01\/luis-miguel-enamorados-300x300.jpeg\" alt=\"luis miguel album sol\" class=\"wp-image-66 lazyload\" data-srcset=\"https:\/\/dondevamos.xyz\/concierto-luis-miguel\/wp-content\/uploads\/sites\/7\/2024\/01\/luis-miguel-enamorados-300x300.jpeg 300w, https:\/\/dondevamos.xyz\/concierto-luis-miguel\/wp-content\/uploads\/sites\/7\/2024\/01\/luis-miguel-enamorados-150x150.jpeg 150w, https:\/\/dondevamos.xyz\/concierto-luis-miguel\/wp-content\/uploads\/sites\/7\/2024\/01\/luis-miguel-enamorados.jpeg 640w\" data-sizes=\"(max-width: 300px) 100vw, 300px\" src=\"data:image\/svg+xml;base64,PHN2ZyB3aWR0aD0iMSIgaGVpZ2h0PSIxIiB4bWxucz0iaHR0cDovL3d3dy53My5vcmcvMjAwMC9zdmciPjwvc3ZnPg==\" style=\"--smush-placeholder-width: 300px; --smush-placeholder-aspect-ratio: 300\/300;\" \/><\/figure>\n<\/div>\n\n\n<h2 class=\"wp-block-heading\">El ascenso de Luis Miguel a la fama<\/h2>\n\n\n\n<p>En los a\u00f1os 80, Luis Miguel empez\u00f3 a destacar en la m\u00fasica con \u00e1lbumes como \u00abYa Nunca M\u00e1s\u00bb en 1984 y \u00abPalabra de Honor\u00bb en 1984. Estos discos le dieron reconocimiento y cari\u00f1o de sus fans, con canciones como \u00abYa Nunca M\u00e1s\u00bb, \u00abOra Pronobis\u00bb, \u00abLa chica del bikini azul\u00bb, y \u00abMe gusta como eres\u00bb, esta \u00faltima grabada en colaboraci\u00f3n de la cantante Sheena Easton.<\/p>\n\n\n<div class=\"wp-block-image\">\n<figure class=\"aligncenter size-medium\"><img decoding=\"async\" width=\"300\" height=\"300\" data-src=\"https:\/\/dondevamos.xyz\/concierto-luis-miguel\/wp-content\/uploads\/sites\/7\/2024\/01\/61eb862ff2917542935809-300x300.jpg\" alt=\"luis miguel album romance\" class=\"wp-image-41 lazyload\" data-srcset=\"https:\/\/dondevamos.xyz\/concierto-luis-miguel\/wp-content\/uploads\/sites\/7\/2024\/01\/61eb862ff2917542935809-300x300.jpg 300w, https:\/\/dondevamos.xyz\/concierto-luis-miguel\/wp-content\/uploads\/sites\/7\/2024\/01\/61eb862ff2917542935809-1024x1024.jpg 1024w, https:\/\/dondevamos.xyz\/concierto-luis-miguel\/wp-content\/uploads\/sites\/7\/2024\/01\/61eb862ff2917542935809-150x150.jpg 150w, https:\/\/dondevamos.xyz\/concierto-luis-miguel\/wp-content\/uploads\/sites\/7\/2024\/01\/61eb862ff2917542935809-768x767.jpg 768w, https:\/\/dondevamos.xyz\/concierto-luis-miguel\/wp-content\/uploads\/sites\/7\/2024\/01\/61eb862ff2917542935809-660x660.jpg 660w, https:\/\/dondevamos.xyz\/concierto-luis-miguel\/wp-content\/uploads\/sites\/7\/2024\/01\/61eb862ff2917542935809.jpg 1425w\" data-sizes=\"(max-width: 300px) 100vw, 300px\" src=\"data:image\/svg+xml;base64,PHN2ZyB3aWR0aD0iMSIgaGVpZ2h0PSIxIiB4bWxucz0iaHR0cDovL3d3dy53My5vcmcvMjAwMC9zdmciPjwvc3ZnPg==\" style=\"--smush-placeholder-width: 300px; --smush-placeholder-aspect-ratio: 300\/300;\" \/><figcaption class=\"wp-element-caption\">Foto por <a href=\"https:\/\/luismigueloficial.com\/\">Luis Miguel Oficial<\/a><\/figcaption><\/figure>\n<\/div>\n\n\n<p>Pero en 1991, lleg\u00f3 un \u00e1lbum que marc\u00f3 un hito: \u00abRomance\u00bb. Lleno de boleros cl\u00e1sicos, se volvi\u00f3 popular en todo el mundo. Este \u00e1lbum no solo le dio a Luis Miguel fama, sino que tambi\u00e9n gan\u00f3 premios importantes como el Grammy y varios reconocimientos de la revista Billboard. De este album podemos recordar singles exitosos como \u00abLa Incondicional\u00bb y \u00abContigo en la Distancia\u00bb.<\/p>\n\n\n<div class=\"wp-block-image\">\n<figure class=\"aligncenter size-medium\"><img decoding=\"async\" width=\"300\" height=\"300\" data-src=\"https:\/\/dondevamos.xyz\/concierto-luis-miguel\/wp-content\/uploads\/sites\/7\/2024\/01\/luis-miguel-aries-300x300.jpeg\" alt=\"luis miguel aries\" class=\"wp-image-67 lazyload\" data-srcset=\"https:\/\/dondevamos.xyz\/concierto-luis-miguel\/wp-content\/uploads\/sites\/7\/2024\/01\/luis-miguel-aries-300x300.jpeg 300w, https:\/\/dondevamos.xyz\/concierto-luis-miguel\/wp-content\/uploads\/sites\/7\/2024\/01\/luis-miguel-aries-150x150.jpeg 150w, https:\/\/dondevamos.xyz\/concierto-luis-miguel\/wp-content\/uploads\/sites\/7\/2024\/01\/luis-miguel-aries.jpeg 640w\" data-sizes=\"(max-width: 300px) 100vw, 300px\" src=\"data:image\/svg+xml;base64,PHN2ZyB3aWR0aD0iMSIgaGVpZ2h0PSIxIiB4bWxucz0iaHR0cDovL3d3dy53My5vcmcvMjAwMC9zdmciPjwvc3ZnPg==\" style=\"--smush-placeholder-width: 300px; --smush-placeholder-aspect-ratio: 300\/300;\" \/><\/figure>\n<\/div>\n\n\n<p>En la d\u00e9cada de 1990, lanz\u00f3 m\u00e1s \u00e9xitos con \u00abAries\u00bb en 1993. Canciones como \u00abHasta Que Me Olvides\u00bb y \u00abSuave\u00bb resonaron fuerte. Luego, en 1994, lleg\u00f3 \u00abSegundo Romance\u00bb, con sencillos como \u00abLa Media Vuelta\u00bb y \u00abT\u00fa, S\u00f3lo T\u00fa\u00bb.<\/p>\n\n\n\n<p>Sumadas a su producci\u00f3n discogr\u00e1ficas, Luis Miguel ha realizado muchas giras internacionales, con conciertos impresionantes. Entre los mejores conciertos de Luis Miguel en los 90s estuvieron el \u00abRomance Tour\u00bb en 1992, y su presentaci\u00f3n en el Festival Vi\u00f1a del Mar en 1993.<\/p>\n\n\n\n<figure class=\"wp-block-embed aligncenter is-type-video is-provider-youtube wp-block-embed-youtube wp-embed-aspect-4-3 wp-has-aspect-ratio\"><div class=\"wp-block-embed__wrapper\">\n<iframe title=\"Luis Miguel, Grandes Exitos, Festival de Vi\u00f1a del Mar 1994\" width=\"665\" height=\"499\" data-src=\"https:\/\/www.youtube.com\/embed\/Q0I8qdHdI98?feature=oembed\" frameborder=\"0\" allow=\"accelerometer; autoplay; clipboard-write; encrypted-media; gyroscope; picture-in-picture; web-share\" referrerpolicy=\"strict-origin-when-cross-origin\" allowfullscreen src=\"data:image\/svg+xml;base64,PHN2ZyB3aWR0aD0iMSIgaGVpZ2h0PSIxIiB4bWxucz0iaHR0cDovL3d3dy53My5vcmcvMjAwMC9zdmciPjwvc3ZnPg==\" class=\"lazyload\" data-load-mode=\"1\"><\/iframe>\n<\/div><\/figure>\n\n\n\n<h2 class=\"wp-block-heading\">Luis Miguel en el nuevo milenio<\/h2>\n\n\n\n<p>Despu\u00e9s del a\u00f1o 2000 a 2020, la carrera de Luis Miguel continu\u00f3 siendo una monta\u00f1a rusa de \u00e9xitos, desaf\u00edos y momentos de reflexi\u00f3n. En los primeros a\u00f1os de la d\u00e9cada, Luis Miguel lanz\u00f3 \u00e1lbumes como \u00ab33\u00bb (2003) y \u00abM\u00e9xico en la Piel\u00bb (2004). Este \u00faltimo, centrado en m\u00fasica ranchera y tradicional mexicana, fue un gran \u00e9xito. 33 incluy\u00f3 \u00abTe necesito\u00bb, una canci\u00f3n escrita por Juan Luis Guerra. M\u00e9xico en la Piel vendi\u00f3 m\u00e1s de un mill\u00f3n de copias solo en M\u00e9xico.<\/p>\n\n\n\n<p>A trav\u00e9s de los a\u00f1os, la producci\u00f3n musical de Luis Miguel continu\u00f3. En 2006 sac\u00f3 su disco \u00abNavidades\u00bb, y en el 2008 \u00abC\u00f3mplices\u00bb. C\u00f3mplices se volvi\u00f3 disco platino cuatro veces y tambi\u00e9n disco diamante. <\/p>\n\n\n\n<p>Su \u00faltimo disco sali\u00f3 en el 2010, titulado \u00abLuis Miguel\u00bb. De este disco la canci\u00f3n m\u00e1s conocida es \u00abLabios de miel\u00bb.<\/p>\n\n\n\n<p>En esta \u00e9poca tambi\u00e9n Luis Miguel tuvo muchas presentaciones exitosas, en lugares como Ciudad de M\u00e9xico, Vi\u00f1a del Mar, Canad\u00e1, Estados Unidos y Europa.<\/p>\n\n\n\n<h2 class=\"wp-block-heading\">Desaf\u00edos personales de Luis Miguel<\/h2>\n\n\n<div class=\"wp-block-image\">\n<figure class=\"alignleft size-medium\"><img decoding=\"async\" width=\"300\" height=\"300\" data-src=\"https:\/\/dondevamos.xyz\/concierto-luis-miguel\/wp-content\/uploads\/sites\/7\/2024\/01\/luis-miguel-familia-300x300.jpg\" alt=\"luis miguel aracely ar\u00e1mbula\" class=\"wp-image-68 lazyload\" data-srcset=\"https:\/\/dondevamos.xyz\/concierto-luis-miguel\/wp-content\/uploads\/sites\/7\/2024\/01\/luis-miguel-familia-300x300.jpg 300w, https:\/\/dondevamos.xyz\/concierto-luis-miguel\/wp-content\/uploads\/sites\/7\/2024\/01\/luis-miguel-familia-150x150.jpg 150w, https:\/\/dondevamos.xyz\/concierto-luis-miguel\/wp-content\/uploads\/sites\/7\/2024\/01\/luis-miguel-familia.jpg 640w\" data-sizes=\"(max-width: 300px) 100vw, 300px\" src=\"data:image\/svg+xml;base64,PHN2ZyB3aWR0aD0iMSIgaGVpZ2h0PSIxIiB4bWxucz0iaHR0cDovL3d3dy53My5vcmcvMjAwMC9zdmciPjwvc3ZnPg==\" style=\"--smush-placeholder-width: 300px; --smush-placeholder-aspect-ratio: 300\/300;\" \/><\/figure>\n<\/div>\n\n\n<p>A pesar de su \u00e9xito profesional, la fama no viene sin desaf\u00edos.  Su vida amorosa ha sido tema ampliamente discutido por los medios. Luis Miguel tiene una hija (Michelle) con Stephanie Salas, hija de la actriz Sylvia Pasquel. Y tiene dos hijos (Miguel y Daniel) con la actriz Aracely Ar\u00e1mbula. La relaci\u00f3n con Aracely Ar\u00e1mbula, marc\u00f3 un cap\u00edtulo especialmente importante en su vida personal.<\/p>\n\n\n\n<p>En 1998 Luis Miguel empez\u00f3 una relaci\u00f3n de tres a\u00f1os con Mariah Carey. La relaci\u00f3n fue problem\u00e1tica, y finalmente se separaron en el 2001.<\/p>\n\n\n\n<p>En varios momentos de la d\u00e9cada del 2000, se rumor\u00f3 que Luis Miguel sufr\u00eda complicaciones graves de salud. Hizo una pausa en su carrera a mediados de la d\u00e9cada, enfrentando rumores sobre su salud y vida personal. En el 2006 fue hospitalizado por una neumon\u00eda, de la cu\u00e1l sali\u00f3 bien y volvi\u00f3 para publicar su album C\u00f3mplices en el 2008. Luego en el 2015 tuvo que cancelar su gira por Am\u00e9rica Latina tambi\u00e9n debido a problemas de salud. <\/p>\n\n\n\n<p>En 2018, Luis Miguel anunci\u00f3 que se retiraba de la m\u00fasica. Esto se produjo despu\u00e9s de una serie de problemas personales, incluidos problemas financieros y temas con su ex pareja, Mariah Carey. Pero nuevamente, a los pocos a\u00f1os regres\u00f3 a los escenarios y a la m\u00fasica&#8230; y en el 2019 gan\u00f3 un premio Grammy por su \u00e1lbum M\u00e9xico por Siempre.<\/p>\n\n\n<div class=\"wp-block-image\">\n<figure class=\"aligncenter size-medium\"><img decoding=\"async\" width=\"300\" height=\"169\" data-src=\"https:\/\/dondevamos.xyz\/concierto-luis-miguel\/wp-content\/uploads\/sites\/7\/2024\/01\/luis-miguel-mariah-carey-300x169.jpg\" alt=\"luis miguel mariah carey\" class=\"wp-image-69 lazyload\" data-srcset=\"https:\/\/dondevamos.xyz\/concierto-luis-miguel\/wp-content\/uploads\/sites\/7\/2024\/01\/luis-miguel-mariah-carey-300x169.jpg 300w, https:\/\/dondevamos.xyz\/concierto-luis-miguel\/wp-content\/uploads\/sites\/7\/2024\/01\/luis-miguel-mariah-carey-1024x576.jpg 1024w, https:\/\/dondevamos.xyz\/concierto-luis-miguel\/wp-content\/uploads\/sites\/7\/2024\/01\/luis-miguel-mariah-carey-768x432.jpg 768w, https:\/\/dondevamos.xyz\/concierto-luis-miguel\/wp-content\/uploads\/sites\/7\/2024\/01\/luis-miguel-mariah-carey-1536x864.jpg 1536w, https:\/\/dondevamos.xyz\/concierto-luis-miguel\/wp-content\/uploads\/sites\/7\/2024\/01\/luis-miguel-mariah-carey-660x371.jpg 660w, https:\/\/dondevamos.xyz\/concierto-luis-miguel\/wp-content\/uploads\/sites\/7\/2024\/01\/luis-miguel-mariah-carey.jpg 1920w\" data-sizes=\"(max-width: 300px) 100vw, 300px\" src=\"data:image\/svg+xml;base64,PHN2ZyB3aWR0aD0iMSIgaGVpZ2h0PSIxIiB4bWxucz0iaHR0cDovL3d3dy53My5vcmcvMjAwMC9zdmciPjwvc3ZnPg==\" style=\"--smush-placeholder-width: 300px; --smush-placeholder-aspect-ratio: 300\/169;\" \/><\/figure>\n<\/div>\n\n\n<h2 class=\"wp-block-heading\">Conciertos de Luis Miguel en Costa Rica<\/h2>\n\n\n\n<p>Luis Miguel se ha presentado solo una vez en Costa Rica, en el Estadio Nacional el 28 de julio del 2019. El concierto del 8 de febrero, ser\u00e1 su segunda vez en Costa Rica.<\/p>\n\n\n\n<p>Ha habido varios tributos al cantante en Costa Rica, entre los m\u00e1s famosos, los de la Orquesta Filarm\u00f3nica \u00abLo mejor de Luis Miguel\u00bb en el a\u00f1o 2022.<\/p>\n\n\n\n<h2 class=\"wp-block-heading\">Tour 2023 y 2024<\/h2>\n\n\n\n<p>A partir del 2023, Luis Miguel inici\u00f3 una nueva gira mundial. El tour 2023-2024 de Luis Miguel ha sido un \u00e9xito rotundo. En casi todos los pa\u00edses las entradas para los conciertos de Luis Miguel se han agotado. <\/p>\n\n\n\n<p>La gira comenz\u00f3 el 3 de agosto de 2023 en Buenos Aires, Argentina, y finaliz\u00f3 el a\u00f1o el 31 de diciembre en la Rivera Maya. Luis Miguel ofreci\u00f3 m\u00e1s de 80 conciertos en 20 pa\u00edses, y ha recaudado m\u00e1s de 100 millones de d\u00f3lares.<\/p>\n\n\n\n<p>Para el 2024 contin\u00faa el tour por Latinoam\u00e9rica, Espa\u00f1a, Estados Unidos y Canad\u00e1.<\/p>\n<!-- AddThis Advanced Settings generic via filter on the_content --><!-- AddThis Share Buttons generic via filter on the_content -->","protected":false},"excerpt":{"rendered":"<p>Luis Miguel, conocido tambi\u00e9n como \u00abEl Sol de M\u00e9xico\u00bb, es un cantante que ha iluminado la escena musical con su talento innato y carisma inigualable. A trav\u00e9s de varias d\u00e9cadas se ha convertido en una leyenda viva de la m\u00fasica latina. Y pr\u00f3ximamente en Costa Rica habr\u00e1 concierto con Luis Miguel, el cual dar\u00e1 a\u2026 <span class=\"read-more\"><a href=\"https:\/\/dondevamos.xyz\/concierto-luis-miguel\/quien-es-luis-miguel\/\">Leer m\u00e1s &raquo;<\/a><\/span><!-- AddThis Advanced Settings generic via filter on get_the_excerpt --><!-- AddThis Share Buttons generic via filter on get_the_excerpt --><\/p>\n","protected":false},"author":2,"featured_media":0,"parent":0,"menu_order":0,"comment_status":"closed","ping_status":"closed","template":"","meta":{"footnotes":""},"class_list":["post-23","page","type-page","status-publish","hentry"],"yoast_head":"<!-- This site is optimized with the Yoast SEO plugin v27.4 - https:\/\/yoast.com\/product\/yoast-seo-wordpress\/ -->\n<title>Qui\u00e9n es Luis Miguel? - Luis Miguel en Costa Rica<\/title>\n<meta name=\"description\" content=\"Qui\u00e9n es el cantante Luis Miguel y por qu\u00e9 es tan famoso? De d\u00f3nde viene y cu\u00e1les son sus album m\u00e1s importantes?\" \/>\n<meta name=\"robots\" content=\"index, follow, max-snippet:-1, max-image-preview:large, max-video-preview:-1\" \/>\n<link rel=\"canonical\" href=\"https:\/\/dondevamos.xyz\/concierto-luis-miguel\/quien-es-luis-miguel\/\" \/>\n<meta property=\"og:locale\" content=\"es_ES\" \/>\n<meta property=\"og:type\" content=\"article\" \/>\n<meta property=\"og:title\" content=\"Qui\u00e9n es Luis Miguel? - Luis Miguel en Costa Rica\" \/>\n<meta property=\"og:description\" content=\"Qui\u00e9n es el cantante Luis Miguel y por qu\u00e9 es tan famoso? De d\u00f3nde viene y cu\u00e1les son sus album m\u00e1s importantes?\" \/>\n<meta property=\"og:url\" content=\"https:\/\/dondevamos.xyz\/concierto-luis-miguel\/quien-es-luis-miguel\/\" \/>\n<meta property=\"og:site_name\" content=\"Luis Miguel en Costa Rica\" \/>\n<meta property=\"article:modified_time\" content=\"2024-01-20T19:16:01+00:00\" \/>\n<meta property=\"og:image\" content=\"https:\/\/dondevamos.xyz\/concierto-luis-miguel\/wp-content\/uploads\/sites\/7\/2024\/01\/Luis_Miguel-231x300.jpg\" \/>\n<meta name=\"twitter:card\" content=\"summary_large_image\" \/>\n<meta name=\"twitter:label1\" content=\"Tiempo de lectura\" \/>\n\t<meta name=\"twitter:data1\" content=\"6 minutos\" \/>\n<script type=\"application\/ld+json\" class=\"yoast-schema-graph\">{\"@context\":\"https:\\\/\\\/schema.org\",\"@graph\":[{\"@type\":\"WebPage\",\"@id\":\"https:\\\/\\\/dondevamos.xyz\\\/concierto-luis-miguel\\\/quien-es-luis-miguel\\\/\",\"url\":\"https:\\\/\\\/dondevamos.xyz\\\/concierto-luis-miguel\\\/quien-es-luis-miguel\\\/\",\"name\":\"Qui\u00e9n es Luis Miguel? - Luis Miguel en Costa Rica\",\"isPartOf\":{\"@id\":\"https:\\\/\\\/dondevamos.xyz\\\/concierto-luis-miguel\\\/#website\"},\"primaryImageOfPage\":{\"@id\":\"https:\\\/\\\/dondevamos.xyz\\\/concierto-luis-miguel\\\/quien-es-luis-miguel\\\/#primaryimage\"},\"image\":{\"@id\":\"https:\\\/\\\/dondevamos.xyz\\\/concierto-luis-miguel\\\/quien-es-luis-miguel\\\/#primaryimage\"},\"thumbnailUrl\":\"https:\\\/\\\/dondevamos.xyz\\\/concierto-luis-miguel\\\/wp-content\\\/uploads\\\/sites\\\/7\\\/2024\\\/01\\\/Luis_Miguel-231x300.jpg\",\"datePublished\":\"2024-01-20T19:15:04+00:00\",\"dateModified\":\"2024-01-20T19:16:01+00:00\",\"description\":\"Qui\u00e9n es el cantante Luis Miguel y por qu\u00e9 es tan famoso? De d\u00f3nde viene y cu\u00e1les son sus album m\u00e1s importantes?\",\"breadcrumb\":{\"@id\":\"https:\\\/\\\/dondevamos.xyz\\\/concierto-luis-miguel\\\/quien-es-luis-miguel\\\/#breadcrumb\"},\"inLanguage\":\"es\",\"potentialAction\":[{\"@type\":\"ReadAction\",\"target\":[\"https:\\\/\\\/dondevamos.xyz\\\/concierto-luis-miguel\\\/quien-es-luis-miguel\\\/\"]}]},{\"@type\":\"ImageObject\",\"inLanguage\":\"es\",\"@id\":\"https:\\\/\\\/dondevamos.xyz\\\/concierto-luis-miguel\\\/quien-es-luis-miguel\\\/#primaryimage\",\"url\":\"https:\\\/\\\/dondevamos.xyz\\\/concierto-luis-miguel\\\/wp-content\\\/uploads\\\/sites\\\/7\\\/2024\\\/01\\\/Luis_Miguel.jpg\",\"contentUrl\":\"https:\\\/\\\/dondevamos.xyz\\\/concierto-luis-miguel\\\/wp-content\\\/uploads\\\/sites\\\/7\\\/2024\\\/01\\\/Luis_Miguel.jpg\",\"width\":1024,\"height\":1327,\"caption\":\"Foto: Julio Enriquez\"},{\"@type\":\"BreadcrumbList\",\"@id\":\"https:\\\/\\\/dondevamos.xyz\\\/concierto-luis-miguel\\\/quien-es-luis-miguel\\\/#breadcrumb\",\"itemListElement\":[{\"@type\":\"ListItem\",\"position\":1,\"name\":\"Portada\",\"item\":\"https:\\\/\\\/dondevamos.xyz\\\/concierto-luis-miguel\\\/\"},{\"@type\":\"ListItem\",\"position\":2,\"name\":\"Qui\u00e9n es Luis Miguel?\"}]},{\"@type\":\"WebSite\",\"@id\":\"https:\\\/\\\/dondevamos.xyz\\\/concierto-luis-miguel\\\/#website\",\"url\":\"https:\\\/\\\/dondevamos.xyz\\\/concierto-luis-miguel\\\/\",\"name\":\"Luis Miguel en Costa Rica\",\"description\":\"Informaci\u00f3n del concierto de Luis Miguel en Costa Rica 2024\",\"publisher\":{\"@id\":\"https:\\\/\\\/dondevamos.xyz\\\/concierto-luis-miguel\\\/#organization\"},\"potentialAction\":[{\"@type\":\"SearchAction\",\"target\":{\"@type\":\"EntryPoint\",\"urlTemplate\":\"https:\\\/\\\/dondevamos.xyz\\\/concierto-luis-miguel\\\/?s={search_term_string}\"},\"query-input\":{\"@type\":\"PropertyValueSpecification\",\"valueRequired\":true,\"valueName\":\"search_term_string\"}}],\"inLanguage\":\"es\"},{\"@type\":\"Organization\",\"@id\":\"https:\\\/\\\/dondevamos.xyz\\\/concierto-luis-miguel\\\/#organization\",\"name\":\"Luis Miguel en Costa Rica\",\"url\":\"https:\\\/\\\/dondevamos.xyz\\\/concierto-luis-miguel\\\/\",\"logo\":{\"@type\":\"ImageObject\",\"inLanguage\":\"es\",\"@id\":\"https:\\\/\\\/dondevamos.xyz\\\/concierto-luis-miguel\\\/#\\\/schema\\\/logo\\\/image\\\/\",\"url\":\"https:\\\/\\\/dondevamos.xyz\\\/concierto-luis-miguel\\\/wp-content\\\/uploads\\\/sites\\\/7\\\/2024\\\/01\\\/dondevamos.jpeg\",\"contentUrl\":\"https:\\\/\\\/dondevamos.xyz\\\/concierto-luis-miguel\\\/wp-content\\\/uploads\\\/sites\\\/7\\\/2024\\\/01\\\/dondevamos.jpeg\",\"width\":200,\"height\":200,\"caption\":\"Luis Miguel en Costa Rica\"},\"image\":{\"@id\":\"https:\\\/\\\/dondevamos.xyz\\\/concierto-luis-miguel\\\/#\\\/schema\\\/logo\\\/image\\\/\"}}]}<\/script>\n<!-- \/ Yoast SEO plugin. -->","yoast_head_json":{"title":"Qui\u00e9n es Luis Miguel? - Luis Miguel en Costa Rica","description":"Qui\u00e9n es el cantante Luis Miguel y por qu\u00e9 es tan famoso? De d\u00f3nde viene y cu\u00e1les son sus album m\u00e1s importantes?","robots":{"index":"index","follow":"follow","max-snippet":"max-snippet:-1","max-image-preview":"max-image-preview:large","max-video-preview":"max-video-preview:-1"},"canonical":"https:\/\/dondevamos.xyz\/concierto-luis-miguel\/quien-es-luis-miguel\/","og_locale":"es_ES","og_type":"article","og_title":"Qui\u00e9n es Luis Miguel? - Luis Miguel en Costa Rica","og_description":"Qui\u00e9n es el cantante Luis Miguel y por qu\u00e9 es tan famoso? De d\u00f3nde viene y cu\u00e1les son sus album m\u00e1s importantes?","og_url":"https:\/\/dondevamos.xyz\/concierto-luis-miguel\/quien-es-luis-miguel\/","og_site_name":"Luis Miguel en Costa Rica","article_modified_time":"2024-01-20T19:16:01+00:00","og_image":[{"url":"https:\/\/dondevamos.xyz\/concierto-luis-miguel\/wp-content\/uploads\/sites\/7\/2024\/01\/Luis_Miguel-231x300.jpg","type":"","width":"","height":""}],"twitter_card":"summary_large_image","twitter_misc":{"Tiempo de lectura":"6 minutos"},"schema":{"@context":"https:\/\/schema.org","@graph":[{"@type":"WebPage","@id":"https:\/\/dondevamos.xyz\/concierto-luis-miguel\/quien-es-luis-miguel\/","url":"https:\/\/dondevamos.xyz\/concierto-luis-miguel\/quien-es-luis-miguel\/","name":"Qui\u00e9n es Luis Miguel? - Luis Miguel en Costa Rica","isPartOf":{"@id":"https:\/\/dondevamos.xyz\/concierto-luis-miguel\/#website"},"primaryImageOfPage":{"@id":"https:\/\/dondevamos.xyz\/concierto-luis-miguel\/quien-es-luis-miguel\/#primaryimage"},"image":{"@id":"https:\/\/dondevamos.xyz\/concierto-luis-miguel\/quien-es-luis-miguel\/#primaryimage"},"thumbnailUrl":"https:\/\/dondevamos.xyz\/concierto-luis-miguel\/wp-content\/uploads\/sites\/7\/2024\/01\/Luis_Miguel-231x300.jpg","datePublished":"2024-01-20T19:15:04+00:00","dateModified":"2024-01-20T19:16:01+00:00","description":"Qui\u00e9n es el cantante Luis Miguel y por qu\u00e9 es tan famoso? De d\u00f3nde viene y cu\u00e1les son sus album m\u00e1s importantes?","breadcrumb":{"@id":"https:\/\/dondevamos.xyz\/concierto-luis-miguel\/quien-es-luis-miguel\/#breadcrumb"},"inLanguage":"es","potentialAction":[{"@type":"ReadAction","target":["https:\/\/dondevamos.xyz\/concierto-luis-miguel\/quien-es-luis-miguel\/"]}]},{"@type":"ImageObject","inLanguage":"es","@id":"https:\/\/dondevamos.xyz\/concierto-luis-miguel\/quien-es-luis-miguel\/#primaryimage","url":"https:\/\/dondevamos.xyz\/concierto-luis-miguel\/wp-content\/uploads\/sites\/7\/2024\/01\/Luis_Miguel.jpg","contentUrl":"https:\/\/dondevamos.xyz\/concierto-luis-miguel\/wp-content\/uploads\/sites\/7\/2024\/01\/Luis_Miguel.jpg","width":1024,"height":1327,"caption":"Foto: Julio Enriquez"},{"@type":"BreadcrumbList","@id":"https:\/\/dondevamos.xyz\/concierto-luis-miguel\/quien-es-luis-miguel\/#breadcrumb","itemListElement":[{"@type":"ListItem","position":1,"name":"Portada","item":"https:\/\/dondevamos.xyz\/concierto-luis-miguel\/"},{"@type":"ListItem","position":2,"name":"Qui\u00e9n es Luis Miguel?"}]},{"@type":"WebSite","@id":"https:\/\/dondevamos.xyz\/concierto-luis-miguel\/#website","url":"https:\/\/dondevamos.xyz\/concierto-luis-miguel\/","name":"Luis Miguel en Costa Rica","description":"Informaci\u00f3n del concierto de Luis Miguel en Costa Rica 2024","publisher":{"@id":"https:\/\/dondevamos.xyz\/concierto-luis-miguel\/#organization"},"potentialAction":[{"@type":"SearchAction","target":{"@type":"EntryPoint","urlTemplate":"https:\/\/dondevamos.xyz\/concierto-luis-miguel\/?s={search_term_string}"},"query-input":{"@type":"PropertyValueSpecification","valueRequired":true,"valueName":"search_term_string"}}],"inLanguage":"es"},{"@type":"Organization","@id":"https:\/\/dondevamos.xyz\/concierto-luis-miguel\/#organization","name":"Luis Miguel en Costa Rica","url":"https:\/\/dondevamos.xyz\/concierto-luis-miguel\/","logo":{"@type":"ImageObject","inLanguage":"es","@id":"https:\/\/dondevamos.xyz\/concierto-luis-miguel\/#\/schema\/logo\/image\/","url":"https:\/\/dondevamos.xyz\/concierto-luis-miguel\/wp-content\/uploads\/sites\/7\/2024\/01\/dondevamos.jpeg","contentUrl":"https:\/\/dondevamos.xyz\/concierto-luis-miguel\/wp-content\/uploads\/sites\/7\/2024\/01\/dondevamos.jpeg","width":200,"height":200,"caption":"Luis Miguel en Costa Rica"},"image":{"@id":"https:\/\/dondevamos.xyz\/concierto-luis-miguel\/#\/schema\/logo\/image\/"}}]}},"_links":{"self":[{"href":"https:\/\/dondevamos.xyz\/concierto-luis-miguel\/wp-json\/wp\/v2\/pages\/23","targetHints":{"allow":["GET"]}}],"collection":[{"href":"https:\/\/dondevamos.xyz\/concierto-luis-miguel\/wp-json\/wp\/v2\/pages"}],"about":[{"href":"https:\/\/dondevamos.xyz\/concierto-luis-miguel\/wp-json\/wp\/v2\/types\/page"}],"author":[{"embeddable":true,"href":"https:\/\/dondevamos.xyz\/concierto-luis-miguel\/wp-json\/wp\/v2\/users\/2"}],"replies":[{"embeddable":true,"href":"https:\/\/dondevamos.xyz\/concierto-luis-miguel\/wp-json\/wp\/v2\/comments?post=23"}],"version-history":[{"count":2,"href":"https:\/\/dondevamos.xyz\/concierto-luis-miguel\/wp-json\/wp\/v2\/pages\/23\/revisions"}],"predecessor-version":[{"id":70,"href":"https:\/\/dondevamos.xyz\/concierto-luis-miguel\/wp-json\/wp\/v2\/pages\/23\/revisions\/70"}],"wp:attachment":[{"href":"https:\/\/dondevamos.xyz\/concierto-luis-miguel\/wp-json\/wp\/v2\/media?parent=23"}],"curies":[{"name":"wp","href":"https:\/\/api.w.org\/{rel}","templated":true}]}}